{"id":9801,"date":"2018-05-09T19:45:06","date_gmt":"2018-05-09T17:45:06","guid":{"rendered":"http:\/\/www.vcp.de\/pfadfinden\/?page_id=9801"},"modified":"2024-09-14T17:13:27","modified_gmt":"2024-09-14T15:13:27","slug":"vcpbv18","status":"publish","type":"page","link":"https:\/\/vcp.de\/pfadfinden\/vcpbv18\/","title":{"rendered":"49. VCP \u2013 Bundesversammlung"},"content":{"rendered":"<p><a href=\"https:\/\/www.vcp.de\/pfadfinden\/wp-content\/uploads\/2017\/06\/plenum_bundesversammlung_2017-e1497951425594.jpg\"><img loading=\"lazy\" decoding=\"async\" class=\"aligncenter wp-image-6681 size-large\" src=\"https:\/\/www.vcp.de\/pfadfinden\/wp-content\/uploads\/2017\/06\/plenum_bundesversammlung_2017-1024x379.jpg\" alt=\"\" width=\"800\" height=\"296\" \/><\/a><\/p>\n<p>Vom 30. November bis 2. Dezember 2018 findet auf der Burg Rieneck die 49. Bundesversammlung des Verbandes Christlicher Pfadfinderinnen und Pfadfinder (VCP) e.V. statt. Erwartet werden rund 160 Delegierte und G\u00e4ste aus den L\u00e4ndern und Arbeitsbereichen des VCP.<\/p>\n<h2>Die Bundesversammlungen des VCP im R\u00fcckblick<\/h2>\n<p>Was waren die zentralen Themen? Welche Ergebnisse gab es? Diese und weitere Antworten gibt es auf der folgenden Seite:<br \/>\n<a href=\"https:\/\/www.vcp.de\/was-wir-tun\/gremien\/bundesversammlung\/\" target=\"_blank\" rel=\"noopener noreferrer\">\/was-wir-tun\/gremien\/bundesversammlung\/<\/a><\/p>\n","protected":false},"excerpt":{"rendered":"<p>Vom 30. November bis 2. Dezember 2018 findet auf der Burg Rieneck die 49. Bundesversammlung des Verbandes Christlicher Pfadfinderinnen und Pfadfinder (VCP) e.V. statt. Erwartet werden rund 160 Delegierte und G\u00e4ste aus den L\u00e4ndern und Arbeitsbereichen des VCP. Die Bundesversammlungen des VCP im R\u00fcckblick Was waren die zentralen Themen? Welche Ergebnisse gab es? Diese und [&hellip;]<\/p>\n","protected":false},"author":3,"featured_media":10433,"parent":0,"menu_order":0,"comment_status":"closed","ping_status":"closed","template":"","meta":{"_acf_changed":false,"inline_featured_image":false,"footnotes":""},"class_list":["post-9801","page","type-page","status-publish","has-post-thumbnail","hentry"],"acf":[],"_links":{"self":[{"href":"https:\/\/vcp.de\/pfadfinden\/wp-json\/wp\/v2\/pages\/9801","targetHints":{"allow":["GET"]}}],"collection":[{"href":"https:\/\/vcp.de\/pfadfinden\/wp-json\/wp\/v2\/pages"}],"about":[{"href":"https:\/\/vcp.de\/pfadfinden\/wp-json\/wp\/v2\/types\/page"}],"author":[{"embeddable":true,"href":"https:\/\/vcp.de\/pfadfinden\/wp-json\/wp\/v2\/users\/3"}],"replies":[{"embeddable":true,"href":"https:\/\/vcp.de\/pfadfinden\/wp-json\/wp\/v2\/comments?post=9801"}],"version-history":[{"count":1,"href":"https:\/\/vcp.de\/pfadfinden\/wp-json\/wp\/v2\/pages\/9801\/revisions"}],"predecessor-version":[{"id":36938,"href":"https:\/\/vcp.de\/pfadfinden\/wp-json\/wp\/v2\/pages\/9801\/revisions\/36938"}],"wp:featuredmedia":[{"embeddable":true,"href":"https:\/\/vcp.de\/pfadfinden\/wp-json\/wp\/v2\/media\/10433"}],"wp:attachment":[{"href":"https:\/\/vcp.de\/pfadfinden\/wp-json\/wp\/v2\/media?parent=9801"}],"curies":[{"name":"wp","href":"https:\/\/api.w.org\/{rel}","templated":true}]}}