{"id":4737,"date":"2016-06-04T11:15:43","date_gmt":"2016-06-04T09:15:43","guid":{"rendered":"http:\/\/www.vcp.de\/pfadfinden\/?page_id=4737"},"modified":"2024-09-14T13:45:12","modified_gmt":"2024-09-14T11:45:12","slug":"miles","status":"publish","type":"page","link":"https:\/\/vcp.de\/pfadfinden\/miles\/","title":{"rendered":"500 Miles away from home"},"content":{"rendered":"\n<h1 class=\"wp-block-heading\">International unterwegs mit Miles<\/h1>\n\n\n\n<h2 class=\"wp-block-heading\"><a href=\"https:\/\/www.vcp.de\/pfadfinden\/wp-content\/uploads\/2016\/09\/miles.png\"><img loading=\"lazy\" decoding=\"async\" class=\"aligncenter wp-image-5590 size-medium\" title=\"Miles - Zeichnung: JaBu\" src=\"https:\/\/www.vcp.de\/pfadfinden\/wp-content\/uploads\/2016\/09\/miles-244x300.png\" alt=\"Miles - Zeichnung: JaBu\" width=\"244\" height=\"300\" srcset=\"https:\/\/vcp.de\/pfadfinden\/wp-content\/uploads\/2016\/09\/miles-244x300.png 244w, https:\/\/vcp.de\/pfadfinden\/wp-content\/uploads\/2016\/09\/miles.png 650w\" sizes=\"auto, (max-width: 244px) 100vw, 244px\" \/><\/a><\/h2>\n\n\n\n<h2 class=\"wp-block-heading\">Wer bist denn du?<\/h2>\n\n\n\n<p>Ich bin Miles, der Biber. Wie alle meine Artgenossinnen und \u2013genossen bin ich lieber in Gesellschaft als alleine unterwegs und sehr neugierig. Ich will alles wissen und Neues kennenlernen! Daf\u00fcr baue ich gerne Br\u00fccken beziehungsweise D\u00e4mme, um an unbekannte Ufer zu gelangen.<\/p>\n\n\n\n<h2 class=\"wp-block-heading\">Du hast einen sehr au\u00dfergew\u00f6hnlichen Namen. Ist das dein Fahrtenname?<\/h2>\n\n\n\n<p>So k\u00f6nnte man das auch sagen\u2026 Miles ist Englisch und bedeutet \u201eMeilen\u201c. Der Name kommt daher, dass ich so gerne unterwegs bin und auf meinen Reisen gro\u00dfe Strecken zur\u00fccklege.<\/p>\n\n\n\n<h2 class=\"wp-block-heading\">Und woher kommt deine Lust am Reisen?<\/h2>\n\n\n\n<p>Am liebsten stille ich meinen Wissensdurst, indem ich rausgehe in die Welt und spannende Abenteuer erlebe. Weg von zu Hause treffe ich viele Menschen, die mir ihre spannenden Geschichten erz\u00e4hlen. Aber auch die Orte, die ich besuche, faszinieren mich: die weiten Landschaften, Seen, W\u00e4lder und die Ungewissheit, was wohl hinter dem n\u00e4chsten H\u00fcgel auf mich wartet.<\/p>\n\n\n\n<h2 class=\"wp-block-heading\">Wie wir geh\u00f6rt haben bist du viel herumgekommen. Wo bist du denn schon \u00fcberall gewesen?<\/h2>\n\n\n\n<p>Ach, das spielt doch keine gro\u00dfe Rolle. Viel spannender ist doch die Frage, wo ich \u00fcberall noch hinkommen werde! Hauptsache: hinaus in die gro\u00dfe weite Welt.<\/p>\n\n\n\n<h2 class=\"wp-block-heading\">Und wo soll es als n\u00e4chstes hingehen?<\/h2>\n\n\n\n<p>Das wei\u00df ich noch gar nicht so genau. Denn das kommt ganz darauf an, wer mich als n\u00e4chstes mitnimmt, um mit mir coole Schnappsch\u00fcsse f\u00fcr meinen Blog zu schie\u00dfen.<\/p>\n\n\n\n<p>Na dann w\u00fcnschen wir dir alles Gute f\u00fcr deine n\u00e4chsten Abenteuer und bedanken uns mit einem herzlichen \u201eGut Pfad\u201c f\u00fcr das Interview.<\/p>\n\n\n\n<h2 class=\"wp-block-heading\">Wollt ihr Miles mitnehmen?<\/h2>\n\n\n\n<p>Egal ob mit eurer Sippe oder gleich eurem ganzen Stamm: Miles ist f\u00fcr jeden Spa\u00df zu haben.<br>Hauptsache, es geht ins Ausland!<\/p>\n\n\n\n<div class=\"wp-block-buttons is-content-justification-center is-layout-flex wp-container-core-buttons-is-layout-16018d1d wp-block-buttons-is-layout-flex\">\n<div class=\"wp-block-button is-style-vcp-red\"><a class=\"wp-block-button__link wp-element-button\" href=\"https:\/\/www.vcp.de\/pfadfinden\/miles\/miles-mitnehmen\/\">Miles mitnehmen!<\/a><\/div>\n<\/div>\n","protected":false},"excerpt":{"rendered":"<p>International unterwegs mit Miles Wer bist denn du? Ich bin Miles, der Biber. Wie alle meine Artgenossinnen und \u2013genossen bin ich lieber in Gesellschaft als alleine unterwegs und sehr neugierig. Ich will alles wissen und Neues kennenlernen! Daf\u00fcr baue ich gerne Br\u00fccken beziehungsweise D\u00e4mme, um an unbekannte Ufer zu gelangen. Du hast einen sehr au\u00dfergew\u00f6hnlichen [&hellip;]<\/p>\n","protected":false},"author":3,"featured_media":0,"parent":0,"menu_order":0,"comment_status":"closed","ping_status":"closed","template":"","meta":{"_acf_changed":false,"inline_featured_image":false,"footnotes":""},"class_list":["post-4737","page","type-page","status-publish","hentry"],"acf":[],"_links":{"self":[{"href":"https:\/\/vcp.de\/pfadfinden\/wp-json\/wp\/v2\/pages\/4737","targetHints":{"allow":["GET"]}}],"collection":[{"href":"https:\/\/vcp.de\/pfadfinden\/wp-json\/wp\/v2\/pages"}],"about":[{"href":"https:\/\/vcp.de\/pfadfinden\/wp-json\/wp\/v2\/types\/page"}],"author":[{"embeddable":true,"href":"https:\/\/vcp.de\/pfadfinden\/wp-json\/wp\/v2\/users\/3"}],"replies":[{"embeddable":true,"href":"https:\/\/vcp.de\/pfadfinden\/wp-json\/wp\/v2\/comments?post=4737"}],"version-history":[{"count":2,"href":"https:\/\/vcp.de\/pfadfinden\/wp-json\/wp\/v2\/pages\/4737\/revisions"}],"predecessor-version":[{"id":36789,"href":"https:\/\/vcp.de\/pfadfinden\/wp-json\/wp\/v2\/pages\/4737\/revisions\/36789"}],"wp:attachment":[{"href":"https:\/\/vcp.de\/pfadfinden\/wp-json\/wp\/v2\/media?parent=4737"}],"curies":[{"name":"wp","href":"https:\/\/api.w.org\/{rel}","templated":true}]}}