{"id":34985,"date":"2024-04-04T11:29:40","date_gmt":"2024-04-04T09:29:40","guid":{"rendered":"https:\/\/www.vcp.de\/pfadfinden\/?page_id=34985"},"modified":"2024-04-04T11:29:41","modified_gmt":"2024-04-04T09:29:41","slug":"dein-kontakt-zur-verbandsentwicklung","status":"publish","type":"page","link":"https:\/\/vcp.de\/pfadfinden\/dein-kontakt-zur-verbandsentwicklung\/","title":{"rendered":"Dein Kontakt zur Verbandsentwicklung"},"content":{"rendered":"\n<p>Wachstum betrifft uns alle. Jede*r im VCP kann einen Beitrag dazu leisten, dass mehr Kinder und Jugendliche Pfadfinden k\u00f6nnen. Auf jeder Ebene gibt es unterschiedliche Aufgaben und Herausforderungen &#8211; manchen stellen wir uns bereits, andere wollen wir gemeinsam angehen, wiederum andere schieben wir noch etwas vor uns her, um sie anzupacken, wenn die Zeit reif ist.<\/p>\n\n\n\n<div style=\"height:var(--wp--preset--spacing--80)\" aria-hidden=\"true\" class=\"wp-block-spacer\"><\/div>\n\n\n\n<blockquote class=\"wp-block-quote is-layout-flow wp-block-quote-is-layout-flow\">\n<h2 class=\"wp-block-heading has-text-align-center\">So oder so &#8211; wir brauchen Euch dazu!<\/h2>\n<\/blockquote>\n\n\n\n<div class=\"wp-block-buttons has-custom-font-size has-medium-font-size is-content-justification-center is-layout-flex wp-container-core-buttons-is-layout-16018d1d wp-block-buttons-is-layout-flex\">\n<div class=\"wp-block-button is-style-vcp-lightblue\"><a class=\"wp-block-button__link wp-element-button\" href=\"mailto:arno.schaefer@vcp.de\"><strong>Na klar! <\/strong><br>Ich meld&#8216; mich direkt mal per Mail.<\/a><\/div>\n<\/div>\n\n\n\n<div style=\"height:var(--wp--preset--spacing--80)\" aria-hidden=\"true\" class=\"wp-block-spacer\"><\/div>\n\n\n\n<ul class=\"wp-block-list\">\n<li class=\"has-medium-font-size\">Bring dich mit deinem Know-How im <strong>L\u00e4nderaustausch in einem der aktuellen Tag Teams <\/strong>ein. <br><em>Hier f\u00fchren die VCP-L\u00e4nder ihre Experten, Erfahrungen, Konzepte und Ideen zu einzelnen Themen zusammen um den VCP als Gesamtverband voran zu bringen. <\/em><\/li>\n\n\n\n<li class=\"has-medium-font-size\"><strong>Strategie liegt dir mehr?<\/strong> Dann ist die Mitarbeit in der <a href=\"https:\/\/www.vcp.de\/pfadfinden\/trude\/trude\">Fachgruppe TRUDE<\/a> genau das richtige f\u00fcr dich. <br><em>Hier beh\u00e4lt man immer das Gro\u00dfe und Ganze im Blick, das langfristige Ziel als Verband zu wachsen &#8211; Quantitativ und Qualitativ. Was daf\u00fcr getan werden kann, wird hier gepr\u00fcft, auf Wirksamkeit und Risiken hin bewertet und in einer passenden Abfolge als Strategie<\/em>.<\/li>\n\n\n\n<li class=\"has-medium-font-size\">Du hast noch ganz andere spannende <strong>Ideen zu Wachstum und Verbandsentwicklung?<\/strong> Dann lass doch mal h\u00f6ren!<br><em>In unserer Bundeszentrale sitzt Arno als Bildungsreferent f\u00fcr Jugendpolitik und Verbandsentwicklung. Meld&#8216; dich einfach bei Ihm mit deinen Ideen per Mail oder Telefon. Er wird sie dann an die passenden Stellen im VCP weiter verteilen.<\/em><\/li>\n\n\n\n<li class=\"has-medium-font-size\"><strong>Deinen Kontakte<\/strong> im Handy ist voller High-Performer, dich sich sicher gerne, vielleicht auch <em>wieder<\/em>, im VCP engagieren w\u00fcrden? Da sind wir ganz Ohr und freuen uns, wenn du uns einander mal vorstellen w\u00fcrdest. \ud83d\ude09<br><em>Schick ihnen den Link zu dieser Seite oder schick uns (aber bitte frag vorher ob das OK ist!) den Kontakt!<\/em><\/li>\n<\/ul>\n\n\n\n<div style=\"height:var(--wp--preset--spacing--80)\" aria-hidden=\"true\" class=\"wp-block-spacer\"><\/div>\n\n\n\n<div class=\"wp-block-columns is-layout-flex wp-container-core-columns-is-layout-9d6595d7 wp-block-columns-is-layout-flex\">\n<div class=\"wp-block-column is-layout-flow wp-block-column-is-layout-flow\" style=\"flex-basis:33.33%\"><!-- TEST -->\n<figure class=\"wp-block-image alignleft size-large is-style-rounded\"><a href=\"https:\/\/www.vcp.de\/pfadfinden\/wp-content\/uploads\/2024\/04\/MicrosoftTeams-image.jpg\"><img loading=\"lazy\" decoding=\"async\" width=\"1125\" height=\"1125\" src=\"https:\/\/www.vcp.de\/pfadfinden\/wp-content\/uploads\/2024\/04\/MicrosoftTeams-image-edited-1.jpg\" alt=\"\" class=\"wp-image-34928\" srcset=\"https:\/\/vcp.de\/pfadfinden\/wp-content\/uploads\/2024\/04\/MicrosoftTeams-image-edited-1.jpg 1125w, https:\/\/vcp.de\/pfadfinden\/wp-content\/uploads\/2024\/04\/MicrosoftTeams-image-edited-1-300x300.jpg 300w, https:\/\/vcp.de\/pfadfinden\/wp-content\/uploads\/2024\/04\/MicrosoftTeams-image-edited-1-1024x1024.jpg 1024w, https:\/\/vcp.de\/pfadfinden\/wp-content\/uploads\/2024\/04\/MicrosoftTeams-image-edited-1-150x150.jpg 150w, https:\/\/vcp.de\/pfadfinden\/wp-content\/uploads\/2024\/04\/MicrosoftTeams-image-edited-1-768x768.jpg 768w, https:\/\/vcp.de\/pfadfinden\/wp-content\/uploads\/2024\/04\/MicrosoftTeams-image-edited-1-750x750.jpg 750w, https:\/\/vcp.de\/pfadfinden\/wp-content\/uploads\/2024\/04\/MicrosoftTeams-image-edited-1-45x45.jpg 45w\" sizes=\"auto, (max-width: 1125px) 100vw, 1125px\" \/><\/a><\/figure>\n<\/div>\n\n\n\n<div class=\"wp-block-column is-layout-flow wp-block-column-is-layout-flow\" style=\"flex-basis:66.66%\">\n<p class=\"has-medium-font-size\">Hi, ich bin Arno aus der Bundeszentrale und der erste Ansprechpartner wenn es um Verbandsentwicklung und Wachstum geht. Wenn du dich also in irgendeiner Form angesprochen f\u00fchlst oder Fragen hast, dann kannst du dich gerne bei mir melden:<br><a href=\"mailto:arno.schaefer@vcp.de\">arno.schaefer@vcp.de<\/a><br><a href=\"tel:+495617843728\">+49 (0) 561 78437 &#8211; 28<\/a><\/p>\n<\/div>\n<\/div>\n","protected":false},"excerpt":{"rendered":"<p>Wachstum betrifft uns alle. Jede*r im VCP kann einen Beitrag dazu leisten, dass mehr Kinder und Jugendliche Pfadfinden k\u00f6nnen. Auf jeder Ebene gibt es unterschiedliche Aufgaben und Herausforderungen &#8211; manchen stellen wir uns bereits, andere wollen wir gemeinsam angehen, wiederum andere schieben wir noch etwas vor uns her, um sie anzupacken, wenn die Zeit reif [&hellip;]<\/p>\n","protected":false},"author":72,"featured_media":0,"parent":0,"menu_order":0,"comment_status":"closed","ping_status":"closed","template":"","meta":{"_acf_changed":false,"inline_featured_image":false,"footnotes":""},"class_list":["post-34985","page","type-page","status-publish","hentry"],"acf":[],"_links":{"self":[{"href":"https:\/\/vcp.de\/pfadfinden\/wp-json\/wp\/v2\/pages\/34985","targetHints":{"allow":["GET"]}}],"collection":[{"href":"https:\/\/vcp.de\/pfadfinden\/wp-json\/wp\/v2\/pages"}],"about":[{"href":"https:\/\/vcp.de\/pfadfinden\/wp-json\/wp\/v2\/types\/page"}],"author":[{"embeddable":true,"href":"https:\/\/vcp.de\/pfadfinden\/wp-json\/wp\/v2\/users\/72"}],"replies":[{"embeddable":true,"href":"https:\/\/vcp.de\/pfadfinden\/wp-json\/wp\/v2\/comments?post=34985"}],"version-history":[{"count":1,"href":"https:\/\/vcp.de\/pfadfinden\/wp-json\/wp\/v2\/pages\/34985\/revisions"}],"predecessor-version":[{"id":34987,"href":"https:\/\/vcp.de\/pfadfinden\/wp-json\/wp\/v2\/pages\/34985\/revisions\/34987"}],"wp:attachment":[{"href":"https:\/\/vcp.de\/pfadfinden\/wp-json\/wp\/v2\/media?parent=34985"}],"curies":[{"name":"wp","href":"https:\/\/api.w.org\/{rel}","templated":true}]}}