{"id":33406,"date":"2024-04-04T11:03:01","date_gmt":"2024-04-04T09:03:01","guid":{"rendered":"https:\/\/www.vcp.de\/pfadfinden\/?page_id=33406"},"modified":"2024-04-04T11:04:06","modified_gmt":"2024-04-04T09:04:06","slug":"gruende-fuer-wachstum","status":"publish","type":"page","link":"https:\/\/vcp.de\/pfadfinden\/gruende-fuer-wachstum\/","title":{"rendered":"Gr\u00fcnde f\u00fcr Wachstum"},"content":{"rendered":"\n<p class=\"has-text-align-center\"><strong>Der VCP will wachsen,<br><\/strong><em>damit jedes Kind in Deutschland die einfache M\u00f6glichkeit hat,<\/em><br><em>gutes Pfadfinden im Sinne des VCP zu erleben.<\/em><\/p>\n\n\n\n<div class=\"wp-block-media-text has-media-on-the-right is-stacked-on-mobile\"><div class=\"wp-block-media-text__content\">\n<p class=\"has-small-font-size\"><em>Pfadfinden ber\u00fchrt uns im VCP ganzheitlich und pr\u00e4gt uns positiv, es f\u00f6rdert unsere Entwicklung und lehrt uns viele bedeutende Schl\u00fcsselkompetenzen.<\/em><\/p>\n\n\n\n<p class=\"has-small-font-size\"><em>Die einzigartigen Erfahrungen, tiefe Freundschaften und die verl\u00e4ssliche Gemeinschaft, die uns der VCP er\u00f6ffnet hat, m\u00fcssen mehr Kindern und Jugendlichen zug\u00e4nglich gemacht werden.<\/em><\/p>\n\n\n\n<p class=\"has-small-font-size\"><em>Die gelebten demokratischen, christlichen und pfadfinderischen Werte unsere Gemeinschaft sind auch die S\u00e4ulen einer resilienten Zivilgesellschaft, die wir mit unserer aktive Erziehungs- und Bildungsarbeit st\u00e4rken.<\/em><\/p>\n<\/div><figure class=\"wp-block-media-text__media\"><a href=\"https:\/\/www.vcp.de\/pfadfinden\/wp-content\/uploads\/2024\/02\/eisberg-farbkorrigiert-1-scaled.jpg\"><img loading=\"lazy\" decoding=\"async\" width=\"868\" height=\"1024\" src=\"https:\/\/www.vcp.de\/pfadfinden\/wp-content\/uploads\/2024\/02\/eisberg-farbkorrigiert-1-868x1024.jpg\" alt=\"\" class=\"wp-image-34374 size-full\" srcset=\"https:\/\/vcp.de\/pfadfinden\/wp-content\/uploads\/2024\/02\/eisberg-farbkorrigiert-1-868x1024.jpg 868w, https:\/\/vcp.de\/pfadfinden\/wp-content\/uploads\/2024\/02\/eisberg-farbkorrigiert-1-254x300.jpg 254w, https:\/\/vcp.de\/pfadfinden\/wp-content\/uploads\/2024\/02\/eisberg-farbkorrigiert-1-768x906.jpg 768w, https:\/\/vcp.de\/pfadfinden\/wp-content\/uploads\/2024\/02\/eisberg-farbkorrigiert-1-1302x1536.jpg 1302w, https:\/\/vcp.de\/pfadfinden\/wp-content\/uploads\/2024\/02\/eisberg-farbkorrigiert-1-1735x2048.jpg 1735w, https:\/\/vcp.de\/pfadfinden\/wp-content\/uploads\/2024\/02\/eisberg-farbkorrigiert-1-750x885.jpg 750w\" sizes=\"auto, (max-width: 868px) 100vw, 868px\" \/><\/a><\/figure><\/div>\n\n\n\n<div class=\"wp-block-columns is-layout-flex wp-container-core-columns-is-layout-9d6595d7 wp-block-columns-is-layout-flex\">\n<div class=\"wp-block-column is-layout-flow wp-block-column-is-layout-flow\">\n<figure class=\"wp-block-video\"><video height=\"720\" style=\"aspect-ratio: 1280 \/ 720;\" width=\"1280\" controls loop poster=\"https:\/\/www.vcp.de\/pfadfinden\/wp-content\/uploads\/2024\/01\/20240113_142207-scaled-e1705153927719.jpg\" preload=\"auto\" src=\"https:\/\/www.vcp.de\/pfadfinden\/wp-content\/uploads\/2024\/01\/Design-ohne-Titel.mp4\"><\/video><\/figure>\n<\/div>\n\n\n\n<div class=\"wp-block-column has-small-font-size is-layout-flow wp-block-column-is-layout-flow\">\n<p class=\"has-small-font-size\"><em>Unser positiver Einfluss auf die Kinder und Jugendlichen im VCP ist unser gr\u00f6\u00dfter und st\u00e4rkster Beitrag zu einer besseren Zukunft \u2013 gerechter, nachhaltiger, gemeinschaftlicher, sozialer, diverser und demokratischer.<br>Mit dem VCP mehr Kinder und Jugendliche zu erreichen kann f\u00fcr uns also nur die logische Konsequenz unserer guten Arbeit sein.<\/em><\/p>\n<\/div>\n<\/div>\n\n\n\n<div style=\"height:76px\" aria-hidden=\"true\" class=\"wp-block-spacer\"><\/div>\n\n\n\n<h2 class=\"wp-block-heading\">Gr\u00fcnde f\u00fcr Wachstum aus der Perspektive der St\u00e4mme<\/h2>\n\n\n\n<ol class=\"wp-block-list\">\n<li class=\"has-small-font-size\"><strong>Mehr Qualit\u00e4t.<\/strong> Mehr Mitglieder sichern die Zukunft des Stammes. Eine gesunde Mitgliedergr\u00f6\u00dfe und Altersstruktur schaffen mehr Freiraum f\u00fcr motivierenden Inhalte und Qualit\u00e4tsprogramm.<\/li>\n\n\n\n<li class=\"has-small-font-size\"><strong>Mehr Mitarbeitende.<\/strong> Eine gesunde Mitgliedergr\u00f6\u00dfe und Altersstruktur sichern den F\u00fchrungsnachwuchs des Stammes langfristig.<\/li>\n\n\n\n<li class=\"has-small-font-size\"><strong>Mehr Effizienz.<\/strong> Es ist leichter, einen funktionierenden Stamm auf einem stabilen Niveau zu halten als einen sterbenden Stamm zu retten.<\/li>\n\n\n\n<li class=\"has-small-font-size\"><strong>Mehr Spa\u00df.<\/strong> Coole Aktionen machen mehr Spa\u00df, wenn man sie mit vielen tollen Menschen durch f\u00fchrt, Auch k\u00f6nnen mit mehr Teilnehmenden andere cool Aktivit\u00e4ten durchgef\u00fchrt werden.<\/li>\n\n\n\n<li class=\"has-small-font-size\"><strong>Mehr \u00f6ffentliche Wahrnehmung<\/strong>. Mehr Mitglieder ergeben mehr Menschen, die positiv in der \u00d6ffentlichkeit \u00fcber den Stamm sprechen. Der Bekanntheitsgrad des Stammes vor Ort erh\u00f6ht sich.<\/li>\n\n\n\n<li class=\"has-small-font-size\"><strong>Mehr Motivation.<\/strong> Es macht selbstbewusst und viel mehr Spa\u00df, sich in einem erfolgreichen und wachsenden Stamm zu engagieren. Das steigert die Motivation der Mitglieder und F\u00fchrungskr\u00e4fte im Stamm.<\/li>\n\n\n\n<li class=\"has-small-font-size\"><strong>Mehr Anerkennung.<\/strong> Wachstum ist oft auch eine Form der Anerkennung f\u00fcr gute geleistete Arbeit, denn spannende und attraktive Jugendarbeit zieht neue Mitglieder an.<\/li>\n<\/ol>\n\n\n\n<div style=\"height:50px\" aria-hidden=\"true\" class=\"wp-block-spacer\"><\/div>\n\n\n\n<h2 class=\"wp-block-heading\">Gr\u00fcnde f\u00fcr Wachstum aus der Perspektive der L\u00e4nder<\/h2>\n\n\n\n<ol class=\"wp-block-list\">\n<li class=\"has-small-font-size\"><strong>Mehr Stabilit\u00e4t.<\/strong> Es ist die Kernaufgabe der Landesarbeit, stabile St\u00e4mme zu schaffen. Wachstum kann durch eine nachhaltige Mitgliederstruktur dazu einen entscheidenden Beitrag leisten.<\/li>\n\n\n\n<li class=\"has-small-font-size\"><strong>Mehr Mitarbeitende. <\/strong>Mittel- und langfristig steigt mit der Mitgliederzahl des Landes auch der Pool an zuk\u00fcnftigen Mitarbeitenden in den Landesgremien.<\/li>\n\n\n\n<li class=\"has-small-font-size\"><strong>Mehr Wertsch\u00e4tzung.<\/strong> Mehr Teilnehmende an Landesaktionen schafft mehr Spa\u00df. Gleichzeitig motiviert dies die Mitarbeitenden, denn eine hohe Teilnehmer*innenzahlen werden als Wertsch\u00e4tzung empfunden.<\/li>\n\n\n\n<li class=\"has-small-font-size\"><strong>Mehr Klarheit. <\/strong>Wenn sich Landesleitungen als Teil der Wachstumsstrategie des VCP versteht, bekommt ihre Arbeit innerhalb des Verbandes ein klares, sinnstiftendes Ziel, aus dem sich leichter konkrete, effektive und zielf\u00fchrende Ma\u00dfnahmen ableiten lassen.<\/li>\n\n\n\n<li class=\"has-small-font-size\"><strong>Mehr Freir\u00e4ume.<\/strong> Es ist leichter, funktionierende St\u00e4mme auf einem stabilen Niveau zu halten als sterbende St\u00e4mme zu retten. Dadurch entsteht Freiraum f\u00fcr andere, motivierendere Inhalte und Schwerpunkte.<\/li>\n\n\n\n<li class=\"has-small-font-size\"><strong>Mehr Selbstbewusstsein.<\/strong> Es macht Spa\u00df und schafft Selbstbewusstsein, sich in einem wachsenden Landesverband zu engagieren. Diese Selbstwirksamkeitserfahrung steigert die Motivation der Mitarbeitenden und des gesamten Landes.<\/li>\n<\/ol>\n\n\n\n<div style=\"height:var(--wp--preset--spacing--80)\" aria-hidden=\"true\" class=\"wp-block-spacer\"><\/div>\n\n\n\n<h2 class=\"wp-block-heading\">Gr\u00fcnde f\u00fcr Wachstum aus der Perspektive des Verbandes<\/h2>\n\n\n\n<ol class=\"wp-block-list\">\n<li class=\"has-small-font-size\"><strong>Mehr Sinn.<\/strong> Es ist unsere Aufgabe und unsere Mission, jedem Kind zu erm\u00f6glichen, Pfadfinder*in zu werden, das dies m\u00f6chte.<\/li>\n\n\n\n<li class=\"has-small-font-size\"><strong>Mehr Ambitionen.<\/strong> Wir sch\u00f6pfen unser Potential ohne Wachstum nicht aus. Unsere Arbeit ist zu gut und zu wichtig um das hinzunehmen.<\/li>\n\n\n\n<li class=\"has-small-font-size\"><strong>Mehr Wirkung. <\/strong>Durch Wachstum steigern wir die Reichweite unseres Beitrags zur gesellschaftlichen Entwicklung. Ein gr\u00f6\u00dferer VCP bekommt mehr politische Wirksamkeit und Bedeutung.<\/li>\n\n\n\n<li class=\"has-small-font-size\"><strong>Mehr Effizienz.<\/strong> Mit einer auf Wachstum und Qualit\u00e4t ausgerichteten Gesamtstrategie gehen wir fast alle Baustellen im VCP gleichzeitig systematisch und nachhaltig an.<\/li>\n\n\n\n<li class=\"has-small-font-size\"><strong>Mehr Synergien.<\/strong> Mit einer auf Wachstum und Qualit\u00e4t ausgerichteten Gesamtstrategie arbeiten alle Ebenen und handelnden Akteure im VCP sinnvoll, koordiniert und effizient in eine Richtung. Das verringert Dopplungsverluste und liefert daf\u00fcr Synergieeffekte.<\/li>\n\n\n\n<li class=\"has-small-font-size\"><strong>Mehr Verbindung.<\/strong> Wenn wir Wachstum als Herausforderung f\u00fcr den ganzen VCP annehmen, kann das uns als Verband emotional zusammenbringen. Die gemeinsame Anstrengung aller L\u00e4nder erh\u00f6ht die Identifikation mit dem VCP als Gesamtverband.<\/li>\n<\/ol>\n","protected":false},"excerpt":{"rendered":"<p>Der VCP will wachsen,damit jedes Kind in Deutschland die einfache M\u00f6glichkeit hat,gutes Pfadfinden im Sinne des VCP zu erleben. Pfadfinden ber\u00fchrt uns im VCP ganzheitlich und pr\u00e4gt uns positiv, es f\u00f6rdert unsere Entwicklung und lehrt uns viele bedeutende Schl\u00fcsselkompetenzen. Die einzigartigen Erfahrungen, tiefe Freundschaften und die verl\u00e4ssliche Gemeinschaft, die uns der VCP er\u00f6ffnet hat, m\u00fcssen [&hellip;]<\/p>\n","protected":false},"author":60,"featured_media":33768,"parent":0,"menu_order":0,"comment_status":"closed","ping_status":"closed","template":"","meta":{"_acf_changed":false,"inline_featured_image":false,"footnotes":""},"class_list":["post-33406","page","type-page","status-publish","has-post-thumbnail","hentry"],"acf":[],"_links":{"self":[{"href":"https:\/\/vcp.de\/pfadfinden\/wp-json\/wp\/v2\/pages\/33406","targetHints":{"allow":["GET"]}}],"collection":[{"href":"https:\/\/vcp.de\/pfadfinden\/wp-json\/wp\/v2\/pages"}],"about":[{"href":"https:\/\/vcp.de\/pfadfinden\/wp-json\/wp\/v2\/types\/page"}],"author":[{"embeddable":true,"href":"https:\/\/vcp.de\/pfadfinden\/wp-json\/wp\/v2\/users\/60"}],"replies":[{"embeddable":true,"href":"https:\/\/vcp.de\/pfadfinden\/wp-json\/wp\/v2\/comments?post=33406"}],"version-history":[{"count":36,"href":"https:\/\/vcp.de\/pfadfinden\/wp-json\/wp\/v2\/pages\/33406\/revisions"}],"predecessor-version":[{"id":34973,"href":"https:\/\/vcp.de\/pfadfinden\/wp-json\/wp\/v2\/pages\/33406\/revisions\/34973"}],"wp:featuredmedia":[{"embeddable":true,"href":"https:\/\/vcp.de\/pfadfinden\/wp-json\/wp\/v2\/media\/33768"}],"wp:attachment":[{"href":"https:\/\/vcp.de\/pfadfinden\/wp-json\/wp\/v2\/media?parent=33406"}],"curies":[{"name":"wp","href":"https:\/\/api.w.org\/{rel}","templated":true}]}}

Gründe für Wachstum

<p class="has-text-align-center"><strong>Der VCP will wachsen,<br></strong><em>damit jedes Kind in Deutschland die einfache Möglichkeit hat,</em><br><em>gutes Pfadfinden im Sinne des VCP zu erleben.</em></p>



<div class="wp-block-media-text has-media-on-the-right is-stacked-on-mobile"><div class="wp-block-media-text__content">
<p class="has-small-font-size"><em>Pfadfinden berührt uns im VCP ganzheitlich und prägt uns positiv, es fördert unsere Entwicklung und lehrt uns viele bedeutende Schlüsselkompetenzen.</em></p>



<p class="has-small-font-size"><em>Die einzigartigen Erfahrungen, tiefe Freundschaften und die verlässliche Gemeinschaft, die uns der VCP eröffnet hat, müssen mehr Kindern und Jugendlichen zugänglich gemacht werden.</em></p>



<p class="has-small-font-size"><em>Die gelebten demokratischen, christlichen und pfadfinderischen Werte unsere Gemeinschaft sind auch die Säulen einer resilienten Zivilgesellschaft, die wir mit unserer aktive Erziehungs- und Bildungsarbeit stärken.</em></p>
</div><figure class="wp-block-media-text__media"><a href="https://www.vcp.de/pfadfinden/wp-content/uploads/2024/02/eisberg-farbkorrigiert-1-scaled.jpg"><img loading="lazy" decoding="async" width="868" height="1024" src="https://www.vcp.de/pfadfinden/wp-content/uploads/2024/02/eisberg-farbkorrigiert-1-868x1024.jpg" alt="" class="wp-image-34374 size-full" srcset="https://vcp.de/pfadfinden/wp-content/uploads/2024/02/eisberg-farbkorrigiert-1-868x1024.jpg 868w, https://vcp.de/pfadfinden/wp-content/uploads/2024/02/eisberg-farbkorrigiert-1-254x300.jpg 254w, https://vcp.de/pfadfinden/wp-content/uploads/2024/02/eisberg-farbkorrigiert-1-768x906.jpg 768w, https://vcp.de/pfadfinden/wp-content/uploads/2024/02/eisberg-farbkorrigiert-1-1302x1536.jpg 1302w, https://vcp.de/pfadfinden/wp-content/uploads/2024/02/eisberg-farbkorrigiert-1-1735x2048.jpg 1735w, https://vcp.de/pfadfinden/wp-content/uploads/2024/02/eisberg-farbkorrigiert-1-750x885.jpg 750w" sizes="auto, (max-width: 868px) 100vw, 868px" /></a></figure></div>



<div class="wp-block-columns is-layout-flex wp-container-core-columns-is-layout-9d6595d7 wp-block-columns-is-layout-flex">
<div class="wp-block-column is-layout-flow wp-block-column-is-layout-flow">
<figure class="wp-block-video"><video height="720" style="aspect-ratio: 1280 / 720;" width="1280" controls loop poster="https://www.vcp.de/pfadfinden/wp-content/uploads/2024/01/20240113_142207-scaled-e1705153927719.jpg" preload="auto" src="https://www.vcp.de/pfadfinden/wp-content/uploads/2024/01/Design-ohne-Titel.mp4"></video></figure>
</div>



<div class="wp-block-column has-small-font-size is-layout-flow wp-block-column-is-layout-flow">
<p class="has-small-font-size"><em>Unser positiver Einfluss auf die Kinder und Jugendlichen im VCP ist unser größter und stärkster Beitrag zu einer besseren Zukunft – gerechter, nachhaltiger, gemeinschaftlicher, sozialer, diverser und demokratischer.<br>Mit dem VCP mehr Kinder und Jugendliche zu erreichen kann für uns also nur die logische Konsequenz unserer guten Arbeit sein.</em></p>
</div>
</div>



<div style="height:76px" aria-hidden="true" class="wp-block-spacer"></div>



<h2 class="wp-block-heading">Gründe für Wachstum aus der Perspektive der Stämme</h2>



<ol class="wp-block-list">
<li class="has-small-font-size"><strong>Mehr Qualität.</strong> Mehr Mitglieder sichern die Zukunft des Stammes. Eine gesunde Mitgliedergröße und Altersstruktur schaffen mehr Freiraum für motivierenden Inhalte und Qualitätsprogramm.</li>



<li class="has-small-font-size"><strong>Mehr Mitarbeitende.</strong> Eine gesunde Mitgliedergröße und Altersstruktur sichern den Führungsnachwuchs des Stammes langfristig.</li>



<li class="has-small-font-size"><strong>Mehr Effizienz.</strong> Es ist leichter, einen funktionierenden Stamm auf einem stabilen Niveau zu halten als einen sterbenden Stamm zu retten.</li>



<li class="has-small-font-size"><strong>Mehr Spaß.</strong> Coole Aktionen machen mehr Spaß, wenn man sie mit vielen tollen Menschen durch führt, Auch können mit mehr Teilnehmenden andere cool Aktivitäten durchgeführt werden.</li>



<li class="has-small-font-size"><strong>Mehr öffentliche Wahrnehmung</strong>. Mehr Mitglieder ergeben mehr Menschen, die positiv in der Öffentlichkeit über den Stamm sprechen. Der Bekanntheitsgrad des Stammes vor Ort erhöht sich.</li>



<li class="has-small-font-size"><strong>Mehr Motivation.</strong> Es macht selbstbewusst und viel mehr Spaß, sich in einem erfolgreichen und wachsenden Stamm zu engagieren. Das steigert die Motivation der Mitglieder und Führungskräfte im Stamm.</li>



<li class="has-small-font-size"><strong>Mehr Anerkennung.</strong> Wachstum ist oft auch eine Form der Anerkennung für gute geleistete Arbeit, denn spannende und attraktive Jugendarbeit zieht neue Mitglieder an.</li>
</ol>



<div style="height:50px" aria-hidden="true" class="wp-block-spacer"></div>



<h2 class="wp-block-heading">Gründe für Wachstum aus der Perspektive der Länder</h2>



<ol class="wp-block-list">
<li class="has-small-font-size"><strong>Mehr Stabilität.</strong> Es ist die Kernaufgabe der Landesarbeit, stabile Stämme zu schaffen. Wachstum kann durch eine nachhaltige Mitgliederstruktur dazu einen entscheidenden Beitrag leisten.</li>



<li class="has-small-font-size"><strong>Mehr Mitarbeitende. </strong>Mittel- und langfristig steigt mit der Mitgliederzahl des Landes auch der Pool an zukünftigen Mitarbeitenden in den Landesgremien.</li>



<li class="has-small-font-size"><strong>Mehr Wertschätzung.</strong> Mehr Teilnehmende an Landesaktionen schafft mehr Spaß. Gleichzeitig motiviert dies die Mitarbeitenden, denn eine hohe Teilnehmer*innenzahlen werden als Wertschätzung empfunden.</li>



<li class="has-small-font-size"><strong>Mehr Klarheit. </strong>Wenn sich Landesleitungen als Teil der Wachstumsstrategie des VCP versteht, bekommt ihre Arbeit innerhalb des Verbandes ein klares, sinnstiftendes Ziel, aus dem sich leichter konkrete, effektive und zielführende Maßnahmen ableiten lassen.</li>



<li class="has-small-font-size"><strong>Mehr Freiräume.</strong> Es ist leichter, funktionierende Stämme auf einem stabilen Niveau zu halten als sterbende Stämme zu retten. Dadurch entsteht Freiraum für andere, motivierendere Inhalte und Schwerpunkte.</li>



<li class="has-small-font-size"><strong>Mehr Selbstbewusstsein.</strong> Es macht Spaß und schafft Selbstbewusstsein, sich in einem wachsenden Landesverband zu engagieren. Diese Selbstwirksamkeitserfahrung steigert die Motivation der Mitarbeitenden und des gesamten Landes.</li>
</ol>



<div style="height:var(--wp--preset--spacing--80)" aria-hidden="true" class="wp-block-spacer"></div>



<h2 class="wp-block-heading">Gründe für Wachstum aus der Perspektive des Verbandes</h2>



<ol class="wp-block-list">
<li class="has-small-font-size"><strong>Mehr Sinn.</strong> Es ist unsere Aufgabe und unsere Mission, jedem Kind zu ermöglichen, Pfadfinder*in zu werden, das dies möchte.</li>



<li class="has-small-font-size"><strong>Mehr Ambitionen.</strong> Wir schöpfen unser Potential ohne Wachstum nicht aus. Unsere Arbeit ist zu gut und zu wichtig um das hinzunehmen.</li>



<li class="has-small-font-size"><strong>Mehr Wirkung. </strong>Durch Wachstum steigern wir die Reichweite unseres Beitrags zur gesellschaftlichen Entwicklung. Ein größerer VCP bekommt mehr politische Wirksamkeit und Bedeutung.</li>



<li class="has-small-font-size"><strong>Mehr Effizienz.</strong> Mit einer auf Wachstum und Qualität ausgerichteten Gesamtstrategie gehen wir fast alle Baustellen im VCP gleichzeitig systematisch und nachhaltig an.</li>



<li class="has-small-font-size"><strong>Mehr Synergien.</strong> Mit einer auf Wachstum und Qualität ausgerichteten Gesamtstrategie arbeiten alle Ebenen und handelnden Akteure im VCP sinnvoll, koordiniert und effizient in eine Richtung. Das verringert Dopplungsverluste und liefert dafür Synergieeffekte.</li>



<li class="has-small-font-size"><strong>Mehr Verbindung.</strong> Wenn wir Wachstum als Herausforderung für den ganzen VCP annehmen, kann das uns als Verband emotional zusammenbringen. Die gemeinsame Anstrengung aller Länder erhöht die Identifikation mit dem VCP als Gesamtverband.</li>
</ol>

<p>Der VCP will wachsen,damit jedes Kind in Deutschland die einfache Möglichkeit hat,gutes Pfadfinden im Sinne des VCP zu erleben. Pfadfinden berührt uns im VCP ganzheitlich und prägt uns positiv, es fördert unsere Entwicklung und lehrt uns viele bedeutende Schlüsselkompetenzen. Die einzigartigen Erfahrungen, tiefe Freundschaften und die verlässliche Gemeinschaft, die uns der VCP eröffnet hat, müssen [&hellip;]</p>
