{"id":33371,"date":"2024-04-18T16:36:14","date_gmt":"2024-04-18T14:36:14","guid":{"rendered":"https:\/\/www.vcp.de\/pfadfinden\/?page_id=33371"},"modified":"2025-05-22T12:21:17","modified_gmt":"2025-05-22T10:21:17","slug":"tag-teams-gemeinsam-wachsen","status":"publish","type":"page","link":"https:\/\/vcp.de\/pfadfinden\/tag-teams-gemeinsam-wachsen\/","title":{"rendered":"Tag Teams &#8211; gemeinsam wachsen"},"content":{"rendered":"\n<p>In Tag Teams (<strong>T<\/strong>remendous <strong>A<\/strong>dvance in <strong>G<\/strong>rowth Teams) werden Themen, Aufgaben und Fragestellungen in kleinen Schritten aufgegriffen und bearbeitet.<\/p>\n\n\n\n<h2 class=\"wp-block-heading\">Das Ziel<\/h2>\n\n\n\n<p class=\"has-small-font-size\">Die Tag Teams im VCP bieten dir die Chance, dich flexibel und mit deinem Know-how einzubringen \u2013 ohne dich langfristig zu binden. Du kannst mit einem Aufwand von nur 3 bis 5 Stunden pro Monat an spannenden Projekten arbeiten, die den Verband voranbringen. Dabei unterst\u00fctzen wir unsere Vision, die Mitgliederzahl des VCP bis 2032 zu verdoppeln. Und das Beste: Du kannst genau dort anpacken, wo du mit deinem Wissen und deinen F\u00e4higkeiten einen echten Unterschied machen kannst!<\/p>\n\n\n\n<h2 class=\"wp-block-heading\">Der Ablauf<\/h2>\n\n\n\n<div class=\"wp-block-columns is-layout-flex wp-container-core-columns-is-layout-9d6595d7 wp-block-columns-is-layout-flex\">\n<div class=\"wp-block-column is-layout-flow wp-block-column-is-layout-flow\" style=\"flex-basis:59%\">\n<p class=\"has-small-font-size\">In den Tag Teams geht es darum, dass du selbstst\u00e4ndig an Aufgaben arbeitest. Jeder von euch bekommt die gleiche Aufgabenstellung und l\u00f6st diese mit seinem Wissen und seinen F\u00e4higkeiten. So entstehen unterschiedliche Perspektiven und Ideen, die wir dann im Verlauf des Projekts zusammenbringen. Es ist ein schrittweiser Prozess, bei dem wir die Ergebnisse digital austauschen, diskutieren und verbessern.<\/p>\n\n\n\n<p class=\"has-small-font-size\">Das bedeutet, die meiste Arbeit passiert allein, aber der Austausch im Team ist entscheidend, um das Projekt voranzutreiben. Wir haben regelm\u00e4\u00dfige digitale Austauschrunden, bei denen ihr eure Fortschritte teilt und gemeinsam weiterarbeitet. Nat\u00fcrlich k\u00f6nnt ihr euch auch auf dem ZAK (Zusammentreffen f\u00fcr Arbeit und Kommunikation) treffen, wenn es sinnvoll ist, aber der Gro\u00dfteil l\u00e4uft online. So bleibt das Ganze flexibel und f\u00fcr jeden gut machbar \u2013 und trotzdem tr\u00e4gst du mit deinem Beitrag viel zum Erfolg bei.<\/p>\n\n\n\n<h2 class=\"wp-block-heading\">Die Menschen<\/h2>\n\n\n\n<p class=\"has-small-font-size\">Egal, wie viel Zeit du hast: Tag Teams bieten dir die M\u00f6glichkeit, dich einzubringen, ohne dass du eine langfristige Verpflichtung eingehen musst. Du kannst dich mit deinen Pfadi-Erfahrungen oder deinem Berufswissen einbringen, um den VCP weiterzuentwickeln. Besonders f\u00fcr ehemalig Aktive ist das eine tolle Chance, wieder Teil des Verbandes zu werden \u2013 ganz ohne Druck, aber mit der M\u00f6glichkeit, etwas zu bewegen.<\/p>\n\n\n\n<p class=\"has-small-font-size\">Melde dich bei Arno, unserem Bildungsreferenten f\u00fcr die Verbandsentwicklung unter arno.schaefer@vcp.de, wenn du dich in einem oder mehreren Tag Teams einbringen willst oder nenn uns Namen von Menschen im VCP, die du uns f\u00fcr ein bestimmtes Tag Team empfehlen m\u00f6chtest.<\/p>\n<\/div>\n\n\n\n<div class=\"wp-block-column is-layout-flow wp-block-column-is-layout-flow\" style=\"flex-basis:41%\"><!-- TEST -->\n<figure class=\"wp-block-image\"><a href=\"https:\/\/vcp.de\/pfadfinden\/wp-content\/uploads\/2022\/12\/helfen_beim_kirchentag-team.jpg\"><img loading=\"lazy\" decoding=\"async\" width=\"528\" height=\"418\" src=\"https:\/\/www.vcp.de\/pfadfinden\/wp-content\/uploads\/2022\/12\/helfen_beim_kirchentag-team.jpg\" alt=\"\" class=\"wp-image-27836\" srcset=\"https:\/\/vcp.de\/pfadfinden\/wp-content\/uploads\/2022\/12\/helfen_beim_kirchentag-team.jpg 528w, https:\/\/vcp.de\/pfadfinden\/wp-content\/uploads\/2022\/12\/helfen_beim_kirchentag-team-300x238.jpg 300w\" sizes=\"auto, (max-width: 528px) 100vw, 528px\" \/><\/a><\/figure>\n<\/div>\n<\/div>\n\n\n\n<h2 class=\"wp-block-heading\">Die Tag Teams<\/h2>\n\n\n\n<p class=\"has-small-font-size\">Aktuell gibt es folgende Teams:<\/p>\n\n\n\n<figure class=\"wp-block-table is-style-stripes has-small-font-size\"><table><thead><tr><th>Titel<\/th><th class=\"has-text-align-center\" data-align=\"center\">Status<\/th><\/tr><\/thead><tbody><tr><td><strong>Konzept \u00c4mter\u00fcbergabe<\/strong><br>Qualit\u00e4tssicherung durch klare Jopbdescriptions inkl. Anforderungen, Mehrwert und Erwartungen<br>Klares universell einsetzbares Konzept zur \u00dcbergabe von \u00c4mtern mit verbindlichen Rahmenbedingungen<br>Konkrete Tools wie Checklisten, Schulung o.\u00e4.<\/td><td class=\"has-text-align-center\" data-align=\"center\"><em><a href=\"mailto:arno.schaefer@vcp.de\">arbeitet<\/a><\/em><\/td><\/tr><tr><td><strong>Supervision, Mentoring, Coachingangebote<\/strong><\/td><td class=\"has-text-align-center\" data-align=\"center\"><em><a href=\"mailto:arno.schaefer@vcp.de\"><em><a href=\"mailto:arno.schaefer@vcp.de\"><br><em><a href=\"mailto:arno.schaefer@vcp.de\">arbeitet<\/a><\/em><\/a><\/em><\/a><\/em><\/td><\/tr><tr><td><strong>Bildungsveranstaltungen f\u00fcr junge Erwachsene und R\/Rs: z.B. Teambuilding, Musik, Handwerk<\/strong><br>Zielgruppenspezifische und attraktive Umsetzung des Prinzips des lebenslangen Lernen f\u00fcr R\/Rs und junge Erwachsene.<\/td><td class=\"has-text-align-center\" data-align=\"center\"><em><a href=\"mailto:arno.schaefer@vcp.de\">offen<\/a><\/em><\/td><\/tr><tr><td><strong>R\/R Programm<\/strong><br>Analyse zum aktuellen Stufenkonzept.<br>Attraktives, funktionierendes R\/R Angebot auf allen Ebenen erm\u00f6glichen.<\/td><td class=\"has-text-align-center\" data-align=\"center\"><em><a href=\"mailto:arno.schaefer@vcp.de\">offen<\/a><\/em><\/td><\/tr><tr><td><strong>Rollen und Aufgaben f\u00fcr junge Erwachsene im VCP<\/strong><br>\u00dcbersicht, Bekanntheit und Verst\u00e4ndnis f\u00fcr die M\u00f6glichkeiten, Mehrwert und Anforderungen an\/f\u00fcr Engagement von jungen Erwachsenen und Erwachsenen im VCP.<\/td><td class=\"has-text-align-center\" data-align=\"center\"><em><a href=\"mailto:arno.schaefer@vcp.de\"><em><a href=\"mailto:arno.schaefer@vcp.de\"><br><em><a href=\"mailto:arno.schaefer@vcp.de\">arbeitet<\/a><\/em><\/a><\/em><\/a><\/em><\/td><\/tr><tr><td><strong>Quereinsteigenden Werbung<\/strong><br>Wie sprechen wir wo Quereinsteigende an? Mit welchem Angebot und wie ist der Prozess?<\/td><td class=\"has-text-align-center\" data-align=\"center\"><em><a href=\"mailto:arno.schaefer@vcp.de\">offen<\/a><\/em><\/td><\/tr><tr><td><strong>Quereinsteigenden Ausbildung<\/strong><br>Fl\u00e4chendeckendes Schulungsangebot f\u00fcr Quereinsteigende, welches mindestens im Kern \u00fcberall das selbe Niveau und Inhalte umfasst.<\/td><td class=\"has-text-align-center\" data-align=\"center\"><em><a href=\"mailto:arno.schaefer@vcp.de\"><br><em><a href=\"mailto:arno.schaefer@vcp.de\">arbeitet<\/a><\/em><\/a><\/em><\/td><\/tr><tr><td><strong>Exit Survey<\/strong><br>Erkenntnisgewinn durch abfrage von Austrittsgr\u00fcnden in Zielgruppe R\/Rs und junge Erwachsene.<\/td><td class=\"has-text-align-center\" data-align=\"center\"><em><a href=\"mailto:arno.schaefer@vcp.de\"><em><a href=\"mailto:arno.schaefer@vcp.de\"><br><em><a href=\"mailto:arno.schaefer@vcp.de\">arbeitet<\/a><\/em><\/a><\/em><\/a><\/em><\/td><\/tr><tr><td><strong>\u00dcbergang Schule zu Beruf oder Ausbildung<\/strong><br>Analyse PfAU, Definition von Bedarfen in der Zielgruppe und Gelingensbedingungen.<\/td><td class=\"has-text-align-center\" data-align=\"center\"><em><a href=\"mailto:arno.schaefer@vcp.de\"><br><em><a href=\"mailto:arno.schaefer@vcp.de\">arbeitet<\/a><\/em><\/a><\/em><\/td><\/tr><tr><td><strong>Landesschmieden<\/strong><br>Konzept f\u00fcr einheitliche, regelm\u00e4\u00dfige strategietreffen auf Landesebene.<\/td><td class=\"has-text-align-center\" data-align=\"center\"><\/td><\/tr><tr><td><\/td><td class=\"has-text-align-center\" data-align=\"center\"><\/td><\/tr><\/tbody><\/table><\/figure>\n\n\n\n<h2 class=\"wp-block-heading\">Dein Thema war noch nicht dabei? <\/h2>\n\n\n\n<p>Wir haben noch viele weitere Themen in der Hinterhand, zu denen wir nach und nach Tag Teams finden werden \u2013 da wirst auch du sicher ein Thema erkennen, zu dem du deine Expertise einbringen kannst. Erstmal aber sch\u00f6n langsam mit den jungen Zirkus-Pferden!<\/p>\n","protected":false},"excerpt":{"rendered":"<p>In Tag Teams (Tremendous Advance in Growth Teams) werden Themen, Aufgaben und Fragestellungen in kleinen Schritten aufgegriffen und bearbeitet. Das Ziel Die Tag Teams im VCP bieten dir die Chance, dich flexibel und mit deinem Know-how einzubringen \u2013 ohne dich langfristig zu binden. Du kannst mit einem Aufwand von nur 3 bis 5 Stunden pro [&hellip;]<\/p>\n","protected":false},"author":69,"featured_media":0,"parent":0,"menu_order":0,"comment_status":"closed","ping_status":"closed","template":"","meta":{"_acf_changed":false,"inline_featured_image":false,"footnotes":""},"class_list":["post-33371","page","type-page","status-publish","hentry"],"acf":[],"_links":{"self":[{"href":"https:\/\/vcp.de\/pfadfinden\/wp-json\/wp\/v2\/pages\/33371","targetHints":{"allow":["GET"]}}],"collection":[{"href":"https:\/\/vcp.de\/pfadfinden\/wp-json\/wp\/v2\/pages"}],"about":[{"href":"https:\/\/vcp.de\/pfadfinden\/wp-json\/wp\/v2\/types\/page"}],"author":[{"embeddable":true,"href":"https:\/\/vcp.de\/pfadfinden\/wp-json\/wp\/v2\/users\/69"}],"replies":[{"embeddable":true,"href":"https:\/\/vcp.de\/pfadfinden\/wp-json\/wp\/v2\/comments?post=33371"}],"version-history":[{"count":55,"href":"https:\/\/vcp.de\/pfadfinden\/wp-json\/wp\/v2\/pages\/33371\/revisions"}],"predecessor-version":[{"id":38919,"href":"https:\/\/vcp.de\/pfadfinden\/wp-json\/wp\/v2\/pages\/33371\/revisions\/38919"}],"wp:attachment":[{"href":"https:\/\/vcp.de\/pfadfinden\/wp-json\/wp\/v2\/media?parent=33371"}],"curies":[{"name":"wp","href":"https:\/\/api.w.org\/{rel}","templated":true}]}}

<p>In Tag Teams (<strong>T</strong>remendous <strong>A</strong>dvance in <strong>G</strong>rowth Teams) werden Themen, Aufgaben und Fragestellungen in kleinen Schritten aufgegriffen und bearbeitet.</p>



<h2 class="wp-block-heading">Das Ziel</h2>



<p class="has-small-font-size">Die Tag Teams im VCP bieten dir die Chance, dich flexibel und mit deinem Know-how einzubringen – ohne dich langfristig zu binden. Du kannst mit einem Aufwand von nur 3 bis 5 Stunden pro Monat an spannenden Projekten arbeiten, die den Verband voranbringen. Dabei unterstützen wir unsere Vision, die Mitgliederzahl des VCP bis 2032 zu verdoppeln. Und das Beste: Du kannst genau dort anpacken, wo du mit deinem Wissen und deinen Fähigkeiten einen echten Unterschied machen kannst!</p>



<h2 class="wp-block-heading">Der Ablauf</h2>



<div class="wp-block-columns is-layout-flex wp-container-core-columns-is-layout-9d6595d7 wp-block-columns-is-layout-flex">
<div class="wp-block-column is-layout-flow wp-block-column-is-layout-flow" style="flex-basis:59%">
<p class="has-small-font-size">In den Tag Teams geht es darum, dass du selbstständig an Aufgaben arbeitest. Jeder von euch bekommt die gleiche Aufgabenstellung und löst diese mit seinem Wissen und seinen Fähigkeiten. So entstehen unterschiedliche Perspektiven und Ideen, die wir dann im Verlauf des Projekts zusammenbringen. Es ist ein schrittweiser Prozess, bei dem wir die Ergebnisse digital austauschen, diskutieren und verbessern.</p>



<p class="has-small-font-size">Das bedeutet, die meiste Arbeit passiert allein, aber der Austausch im Team ist entscheidend, um das Projekt voranzutreiben. Wir haben regelmäßige digitale Austauschrunden, bei denen ihr eure Fortschritte teilt und gemeinsam weiterarbeitet. Natürlich könnt ihr euch auch auf dem ZAK (Zusammentreffen für Arbeit und Kommunikation) treffen, wenn es sinnvoll ist, aber der Großteil läuft online. So bleibt das Ganze flexibel und für jeden gut machbar – und trotzdem trägst du mit deinem Beitrag viel zum Erfolg bei.</p>



<h2 class="wp-block-heading">Die Menschen</h2>



<p class="has-small-font-size">Egal, wie viel Zeit du hast: Tag Teams bieten dir die Möglichkeit, dich einzubringen, ohne dass du eine langfristige Verpflichtung eingehen musst. Du kannst dich mit deinen Pfadi-Erfahrungen oder deinem Berufswissen einbringen, um den VCP weiterzuentwickeln. Besonders für ehemalig Aktive ist das eine tolle Chance, wieder Teil des Verbandes zu werden – ganz ohne Druck, aber mit der Möglichkeit, etwas zu bewegen.</p>



<p class="has-small-font-size">Melde dich bei Arno, unserem Bildungsreferenten für die Verbandsentwicklung unter arno.schaefer@vcp.de, wenn du dich in einem oder mehreren Tag Teams einbringen willst oder nenn uns Namen von Menschen im VCP, die du uns für ein bestimmtes Tag Team empfehlen möchtest.</p>
</div>



<div class="wp-block-column is-layout-flow wp-block-column-is-layout-flow" style="flex-basis:41%"><!-- TEST -->
<figure class="wp-block-image"><a href="https://vcp.de/pfadfinden/wp-content/uploads/2022/12/helfen_beim_kirchentag-team.jpg"><img loading="lazy" decoding="async" width="528" height="418" src="https://www.vcp.de/pfadfinden/wp-content/uploads/2022/12/helfen_beim_kirchentag-team.jpg" alt="" class="wp-image-27836" srcset="https://vcp.de/pfadfinden/wp-content/uploads/2022/12/helfen_beim_kirchentag-team.jpg 528w, https://vcp.de/pfadfinden/wp-content/uploads/2022/12/helfen_beim_kirchentag-team-300x238.jpg 300w" sizes="auto, (max-width: 528px) 100vw, 528px" /></a></figure>
</div>
</div>



<h2 class="wp-block-heading">Die Tag Teams</h2>



<p class="has-small-font-size">Aktuell gibt es folgende Teams:</p>



<figure class="wp-block-table is-style-stripes has-small-font-size"><table><thead><tr><th>Titel</th><th class="has-text-align-center" data-align="center">Status</th></tr></thead><tbody><tr><td><strong>Konzept Ämterübergabe</strong><br>Qualitätssicherung durch klare Jopbdescriptions inkl. Anforderungen, Mehrwert und Erwartungen<br>Klares universell einsetzbares Konzept zur Übergabe von Ämtern mit verbindlichen Rahmenbedingungen<br>Konkrete Tools wie Checklisten, Schulung o.ä.</td><td class="has-text-align-center" data-align="center"><em><a href="mailto:arno.schaefer@vcp.de">arbeitet</a></em></td></tr><tr><td><strong>Supervision, Mentoring, Coachingangebote</strong></td><td class="has-text-align-center" data-align="center"><em><a href="mailto:arno.schaefer@vcp.de"><em><a href="mailto:arno.schaefer@vcp.de"><br><em><a href="mailto:arno.schaefer@vcp.de">arbeitet</a></em></a></em></a></em></td></tr><tr><td><strong>Bildungsveranstaltungen für junge Erwachsene und R/Rs: z.B. Teambuilding, Musik, Handwerk</strong><br>Zielgruppenspezifische und attraktive Umsetzung des Prinzips des lebenslangen Lernen für R/Rs und junge Erwachsene.</td><td class="has-text-align-center" data-align="center"><em><a href="mailto:arno.schaefer@vcp.de">offen</a></em></td></tr><tr><td><strong>R/R Programm</strong><br>Analyse zum aktuellen Stufenkonzept.<br>Attraktives, funktionierendes R/R Angebot auf allen Ebenen ermöglichen.</td><td class="has-text-align-center" data-align="center"><em><a href="mailto:arno.schaefer@vcp.de">offen</a></em></td></tr><tr><td><strong>Rollen und Aufgaben für junge Erwachsene im VCP</strong><br>Übersicht, Bekanntheit und Verständnis für die Möglichkeiten, Mehrwert und Anforderungen an/für Engagement von jungen Erwachsenen und Erwachsenen im VCP.</td><td class="has-text-align-center" data-align="center"><em><a href="mailto:arno.schaefer@vcp.de"><em><a href="mailto:arno.schaefer@vcp.de"><br><em><a href="mailto:arno.schaefer@vcp.de">arbeitet</a></em></a></em></a></em></td></tr><tr><td><strong>Quereinsteigenden Werbung</strong><br>Wie sprechen wir wo Quereinsteigende an? Mit welchem Angebot und wie ist der Prozess?</td><td class="has-text-align-center" data-align="center"><em><a href="mailto:arno.schaefer@vcp.de">offen</a></em></td></tr><tr><td><strong>Quereinsteigenden Ausbildung</strong><br>Flächendeckendes Schulungsangebot für Quereinsteigende, welches mindestens im Kern überall das selbe Niveau und Inhalte umfasst.</td><td class="has-text-align-center" data-align="center"><em><a href="mailto:arno.schaefer@vcp.de"><br><em><a href="mailto:arno.schaefer@vcp.de">arbeitet</a></em></a></em></td></tr><tr><td><strong>Exit Survey</strong><br>Erkenntnisgewinn durch abfrage von Austrittsgründen in Zielgruppe R/Rs und junge Erwachsene.</td><td class="has-text-align-center" data-align="center"><em><a href="mailto:arno.schaefer@vcp.de"><em><a href="mailto:arno.schaefer@vcp.de"><br><em><a href="mailto:arno.schaefer@vcp.de">arbeitet</a></em></a></em></a></em></td></tr><tr><td><strong>Übergang Schule zu Beruf oder Ausbildung</strong><br>Analyse PfAU, Definition von Bedarfen in der Zielgruppe und Gelingensbedingungen.</td><td class="has-text-align-center" data-align="center"><em><a href="mailto:arno.schaefer@vcp.de"><br><em><a href="mailto:arno.schaefer@vcp.de">arbeitet</a></em></a></em></td></tr><tr><td><strong>Landesschmieden</strong><br>Konzept für einheitliche, regelmäßige strategietreffen auf Landesebene.</td><td class="has-text-align-center" data-align="center"></td></tr><tr><td></td><td class="has-text-align-center" data-align="center"></td></tr></tbody></table></figure>



<h2 class="wp-block-heading">Dein Thema war noch nicht dabei? </h2>



<p>Wir haben noch viele weitere Themen in der Hinterhand, zu denen wir nach und nach Tag Teams finden werden – da wirst auch du sicher ein Thema erkennen, zu dem du deine Expertise einbringen kannst. Erstmal aber schön langsam mit den jungen Zirkus-Pferden!</p>
