{"id":31467,"date":"2024-01-13T14:02:31","date_gmt":"2024-01-13T13:02:31","guid":{"rendered":"https:\/\/www.vcp.de\/pfadfinden\/?page_id=31467"},"modified":"2025-06-16T14:32:25","modified_gmt":"2025-06-16T12:32:25","slug":"baghira-werden","status":"publish","type":"page","link":"https:\/\/vcp.de\/pfadfinden\/baghira-startseite\/baghira-werden\/","title":{"rendered":"Baghira werden"},"content":{"rendered":"\n<p><strong>Wie werde ich Baghira?<\/strong><\/p>\n\n\n\n<p>Baghira wirst du, indem du auf eins der Trainings f\u00e4hrst, die zweimal im Jahr auf Bundesebene angeboten werden. Dort wirst du auf die Stammesschmiede bestm\u00f6glich vorbereitet, lernst neue Methoden kennen und hast die M\u00f6glichkeit dich mit Gleichgesinnten bundesweit zu vernetzten. Die aktuellen Trainingstermine findest du immer unter dem Reiter<strong> <\/strong>Termine. Wenn du dir schon mal ein kleines Bild machen willst, wie andere das Baghira-Training empfunden haben, findest du die Berichte dazu unter dem Reiter Trainingsberichte<em>.<\/em> Ansprechpersonen f\u00fcr Baghira in deinem VCP-Land findest du bei den Infos f\u00fcr St\u00e4mmen.<\/p>\n\n\n\n<div class=\"wp-block-columns is-layout-flex wp-container-core-columns-is-layout-9d6595d7 wp-block-columns-is-layout-flex\">\n<div class=\"wp-block-column is-layout-flow wp-block-column-is-layout-flow\" style=\"flex-basis:100%\">\n<div class=\"wp-block-buttons is-layout-flex wp-block-buttons-is-layout-flex\">\n<div class=\"wp-block-button is-style-vcp-red\"><a class=\"wp-block-button__link wp-element-button\" href=\"https:\/\/vcp.de\/pfadfinden\/baghira-startseite\/termine-2025\/\">Termine<\/a><\/div>\n\n\n\n<div class=\"wp-block-button is-style-vcp-yellow\"><a class=\"wp-block-button__link wp-element-button\" href=\"https:\/\/vcp.de\/pfadfinden\/baghira-startseite\/baghira-aktuelles\/#trainingsberichte\">Trainingsberichte<\/a><\/div>\n\n\n\n<div class=\"wp-block-button is-style-vcp-blue\"><a class=\"wp-block-button__link wp-element-button\" href=\"https:\/\/vcp.de\/pfadfinden\/baghira-startseite\/infos-fuer-staemme\/\">L\u00e4nderkoordinator*innen<\/a><\/div>\n<\/div>\n<\/div>\n<\/div>\n\n\n\n<p><strong>Was macht so ein*e Baghira \u00fcberhaupt? <\/strong><\/p>\n\n\n\n<p>Baghiras fahren einmal bis zweimal im Jahr, je nachdem wie es die eigenen Kapazit\u00e4ten zulassen, zu einem Stamm und machen mit ihm gemeinsam eine Stammesschmiede. Dort entlasten sie die Stammesleitung durch die \u00dcbernahme der Moderation des Wochenendes. So k\u00f6nnen sich Stammesleitungen voll auf die Inhalte konzentrieren und neue Perspektiven auf den eigenen Stamm gewinnen.<\/p>\n\n\n\n<p><strong>Was sollte ein*e Baghira mitbringen?<\/strong><\/p>\n\n\n\n<p>Baghiras sind als Moderator*innen in den St\u00e4mmen unterwegs, daher finden wir es wichtig, dass Baghiras sich auseinandersetzen mit ihren F\u00e4higkeiten im<\/p>\n\n\n\n<ul class=\"wp-block-list\">\n<li>moderieren<\/li>\n\n\n\n<li>mediieren <\/li>\n\n\n\n<li>motivieren<\/li>\n\n\n\n<li>und m\u00f6glich machen.<\/li>\n<\/ul>\n\n\n\n<p><br>WICHTIG: Das bedeutet nicht, dass du als potenzielle*r Baghira alle F\u00e4higkeiten perfekt beherrschen musst!<\/p>\n\n\n\n<p>Au\u00dferdem ist es wichtig, dass du dich gut zur\u00fccknehmen kannst &#8211; denn dein Job als Baghira ist es nicht, einem Stamm deine Meinung aufzuzwingen, sondern ihn zu unterst\u00fctzen, seine ganz eigenen L\u00f6sungen zu entwickeln und umzusetzen, wobei du jedoch selbstverst\u00e4ndlich Anregungen und Ideen mit einbringen kannst.<\/p>\n\n\n\n<p><strong>Wie l\u00e4uft das Baghira-Da<\/strong>s<strong>ein ab?<\/strong><\/p>\n\n\n\n<p>Nach erfolgreicher Teilnahme am Baghira-Training wirst du zun\u00e4chst einmal von deinem\/deiner Landeskoordinator*in angefragt, ob du gerade Kapazit\u00e4ten frei hast, eine Stammesschmiede durchzuf\u00fchren. Hast du gerade Kapazit\u00e4ten frei, connecten du und dein Baghira-Buddy sich erst einmal mit der Stammleitung und habt ein Vorgespr\u00e4ch. Mit Hilfe dieses Gespr\u00e4chs bereiten du und dein Buddy sich  dann f\u00fcr die Stammeschmiede vor und dann findet schon die eigentliche Stammesschmiede statt. Nach erfolgreicher Schmiede m\u00fcsst ihr eigentlich nur noch einen kurzen Berichtsbogen ausf\u00fcllen, damit du und dein Baghira-Buddy oder andere Baghiras beim n\u00e4chsten Mal wissen, woran der Stamm gearbeitet hat und welche Vereinbarungen ihr getroffen habt.<\/p>\n\n\n\n<p>Wie du siehst, ist der Job sehr \u00fcbersichtlich und beansprucht nicht viel Zeit. bzw. nur so viel Zeit, wie du auch investieren kannst. <\/p>\n\n\n\n<p><em> <\/em><\/p>\n","protected":false},"excerpt":{"rendered":"<p>Wie werde ich Baghira? Baghira wirst du, indem du auf eins der Trainings f\u00e4hrst, die zweimal im Jahr auf Bundesebene angeboten werden. Dort wirst du auf die Stammesschmiede bestm\u00f6glich vorbereitet, lernst neue Methoden kennen und hast die M\u00f6glichkeit dich mit Gleichgesinnten bundesweit zu vernetzten. Die aktuellen Trainingstermine findest du immer unter dem Reiter Termine. Wenn [&hellip;]<\/p>\n","protected":false},"author":66,"featured_media":0,"parent":31525,"menu_order":0,"comment_status":"closed","ping_status":"closed","template":"","meta":{"_acf_changed":false,"inline_featured_image":false,"footnotes":""},"class_list":["post-31467","page","type-page","status-publish","hentry"],"acf":[],"_links":{"self":[{"href":"https:\/\/vcp.de\/pfadfinden\/wp-json\/wp\/v2\/pages\/31467","targetHints":{"allow":["GET"]}}],"collection":[{"href":"https:\/\/vcp.de\/pfadfinden\/wp-json\/wp\/v2\/pages"}],"about":[{"href":"https:\/\/vcp.de\/pfadfinden\/wp-json\/wp\/v2\/types\/page"}],"author":[{"embeddable":true,"href":"https:\/\/vcp.de\/pfadfinden\/wp-json\/wp\/v2\/users\/66"}],"replies":[{"embeddable":true,"href":"https:\/\/vcp.de\/pfadfinden\/wp-json\/wp\/v2\/comments?post=31467"}],"version-history":[{"count":14,"href":"https:\/\/vcp.de\/pfadfinden\/wp-json\/wp\/v2\/pages\/31467\/revisions"}],"predecessor-version":[{"id":39639,"href":"https:\/\/vcp.de\/pfadfinden\/wp-json\/wp\/v2\/pages\/31467\/revisions\/39639"}],"up":[{"embeddable":true,"href":"https:\/\/vcp.de\/pfadfinden\/wp-json\/wp\/v2\/pages\/31525"}],"wp:attachment":[{"href":"https:\/\/vcp.de\/pfadfinden\/wp-json\/wp\/v2\/media?parent=31467"}],"curies":[{"name":"wp","href":"https:\/\/api.w.org\/{rel}","templated":true}]}}