{"id":30877,"date":"2023-05-25T21:41:43","date_gmt":"2023-05-25T19:41:43","guid":{"rendered":"https:\/\/www.vcp.de\/pfadfinden\/?page_id=30877"},"modified":"2023-06-25T12:26:52","modified_gmt":"2023-06-25T10:26:52","slug":"pfaditag","status":"publish","type":"page","link":"https:\/\/vcp.de\/pfadfinden\/pfaditag\/","title":{"rendered":"PfadiTag"},"content":{"rendered":"\n<p>Hallo du,<br>bestimmt hast du in den vergangenen drei Jahren schon mal irgendwas vom PfadiTag geh\u00f6rt. Wir, Stibu, Jonas und Melli, aus dem <a href=\"https:\/\/hessen.vcp.de\/\" target=\"_blank\" rel=\"noreferrer noopener\">VCP Hessen<\/a>, haben den PfadiTag seit drei Jahren auf der Agenda.<br>Seit vergangenem Jahr ist der PfadiTag eine bundesweite Aktion. In diesem Jahr findet der PfadiTag unter dem Motto \u201e\u2026 <strong>und DU machst den Unterscheid<\/strong>!\u201c statt.<\/p>\n\n\n\n<p><\/p>\n\n\n\n<h3 class=\"wp-block-heading\">Was ist der PfadiTag?<\/h3>\n\n\n\n<p>Der PfadiTag dient der \u00d6ffentlichkeitsarbeit des VCP und stellt besonders euch, die St\u00e4mme in den Vordergrund. Der PfadiTag versteht sich als Tag des offenen Zeltes und schafft Aufmerksamkeit, lokal bei dir vor Ort und \u00fcberregional. Der PfadiTag ist eine bundesweite Werbekation f\u00fcr den Verband, die Pfadfinder*innenbewegung und deinen Stamm.<\/p>\n\n\n\n<p>Ziel des PfadiTags ist es, einer breiten \u00d6ffentlichkeit Pfadfinden nahe zu bringen. Der PfadiTag soll dich dabei unterst\u00fctzen neue Mitglieder f\u00fcr deine Meuten, Sippen oder deiner Mitarbeitendenrunde zu gewinnen.<\/p>\n\n\n\n<p>Wie soll das klappen? Wir setzen auf eine gute Kommunikation zwischen den einzelnen Landesverb\u00e4nden, den St\u00e4mmen und uns, dem Orga-Team. Die Erfahrung aus zwei Jahren PfadiTag in Hessen zeigt uns, dass der Landesverband ein wichtiger Schl\u00fcssel ist um die einzelnen St\u00e4mme f\u00fcr den PfadiTag zu begeistern. Hier ist der Austausch und die direkte Kommunikation von gro\u00dfer Bedeutung.<\/p>\n\n\n\n<p>Wir das Orga-Team k\u00fcmmern uns um die Koordinierung der L\u00e4nder und wichtige Materialien. Werbematerial werden unter anderem Flyer, Plakate und Aufkleber sein. Eine eigens f\u00fcr den PfadiTag eingerichtete Webseite (pfaditag.de) wird alle teilnehmende St\u00e4mme zeigen und stellt euch weitere Materialien zur Verf\u00fcgung.<\/p>\n\n\n\n<p>In unserer Werbeoffensive werden wir nicht nur auf analoge Materialien setzen, sondern werden auch auf den \u00fcblichen Sozialmedia-Kan\u00e4len den PfadiTag mit kleinen Videos und Bildern puschen.<\/p>\n\n\n\n<h3 class=\"wp-block-heading\">Jetzt ist ein guter Zeitpunkt Pfadfinden bekannt zu machen, packen wir es an!<\/h3>\n\n\n\n<p>Gemeinsam sind wir mehr! Mehr Aktionen! Mehr Gruppen! Mehr Orte!<br>Gemeinsam k\u00f6nnen wir es schaffen Pfadfinden deutschlandweit bekannter zu machen, neue Mitglieder gewinnen und ein positives Bild der Pfadfinder*innen zeichnen.<\/p>\n\n\n\n<p>Damit wir weitestgehend alle St\u00e4mme in Deutschland erreichen k\u00f6nnen ist Vernetzung das A und O. Hast du Lust Teil des PfadiTag Netzwerks zu werden und in der Projektgruppe mitzuplanen? Je mehr Pfadis aus unterschiedlichen L\u00e4ndern mitarbeiten, desto besser k\u00f6nnen wir die L\u00e4nder und die dort ans\u00e4\u00dfigen St\u00e4mme erreichen.<\/p>\n\n\n\n<p>Fragen? <a href=\"mailto:hallo@pfaditag.de\" target=\"_blank\" rel=\"noreferrer noopener\">hallo@pfaditag.de<\/a> <\/p>\n\n\n<ul class=\"wp-block-latest-posts__list wp-block-latest-posts\"><li><div class=\"wp-block-latest-posts__featured-image alignleft\"><img loading=\"lazy\" decoding=\"async\" width=\"150\" height=\"150\" src=\"https:\/\/vcp.de\/pfadfinden\/wp-content\/uploads\/2023\/04\/23_02_18_Pfaditagposter-5-2023_klein-150x150.png\" class=\"attachment-thumbnail size-thumbnail wp-post-image\" alt=\"\" style=\"max-width:150px;max-height:150px;\" srcset=\"https:\/\/vcp.de\/pfadfinden\/wp-content\/uploads\/2023\/04\/23_02_18_Pfaditagposter-5-2023_klein-150x150.png 150w, https:\/\/vcp.de\/pfadfinden\/wp-content\/uploads\/2023\/04\/23_02_18_Pfaditagposter-5-2023_klein-45x45.png 45w\" sizes=\"auto, (max-width: 150px) 100vw, 150px\" \/><\/div><a class=\"wp-block-latest-posts__post-title\" href=\"https:\/\/vcp.de\/pfadfinden\/allgemein\/how-to-pfaditag\/\">How to PfadiTag<\/a><div class=\"wp-block-latest-posts__post-excerpt\">Hallo Liebe Stammesmenschen, Sch\u00f6n, dass ihr euch entschieden habt beim PfadiTag mitzumachen. Hier findet ihr einige Informationen, die euch die Planung, Vorbereitung, Werbung und Durchf\u00fchrung eurer Aktion erleichtern k\u00f6nnen. Alles Dinge aus unserer Erfahrung aus den letzten Jahren: Keine Wahrheiten und Weisheiten, aber vielleicht etwas Inspiration. 1. Planung Beim PfadiTag k\u00f6nnt ihr die Aktion durchf\u00fchren,\u2026\u00a0<a class=\"wp-block-latest-posts__read-more\" href=\"https:\/\/vcp.de\/pfadfinden\/allgemein\/how-to-pfaditag\/\" rel=\"noopener noreferrer\"><span class=\"screen-reader-text\">How to PfadiTag <\/span>weiterlesen<\/a><\/div><\/li>\n<li><div class=\"wp-block-latest-posts__featured-image alignleft\"><img loading=\"lazy\" decoding=\"async\" width=\"150\" height=\"150\" src=\"https:\/\/vcp.de\/pfadfinden\/wp-content\/uploads\/2024\/03\/23_02_18_Pfaditagposter-5-2-2024-150x150.jpg\" class=\"attachment-thumbnail size-thumbnail wp-post-image\" alt=\"\" style=\"max-width:150px;max-height:150px;\" srcset=\"https:\/\/vcp.de\/pfadfinden\/wp-content\/uploads\/2024\/03\/23_02_18_Pfaditagposter-5-2-2024-150x150.jpg 150w, https:\/\/vcp.de\/pfadfinden\/wp-content\/uploads\/2024\/03\/23_02_18_Pfaditagposter-5-2-2024-45x45.jpg 45w\" sizes=\"auto, (max-width: 150px) 100vw, 150px\" \/><\/div><a class=\"wp-block-latest-posts__post-title\" href=\"https:\/\/vcp.de\/pfadfinden\/aus-dem-verband\/pfaditag\/auf-ins-abenteuer-pfaditag-2024\/\">Auf ins Abenteuer: PfadiTag 2024<\/a><div class=\"wp-block-latest-posts__post-excerpt\">gemeinsam mit dem BdP am 20. \u2013 22. September Lieber VCP, es ist wieder soweit! Der PfadiTag wird noch gr\u00f6\u00dfer. Dieses Jahr veranstalten wir den PfadiTag im VCP zum dritten Mal und zum ersten Mal gemeinsam mit dem Bund der Pfadfinderinnen und Pfadfinder (BdP). Unter dem Motto &#8222;Auf ins Abenteuer\u201c laden wir euch herzlich ein,\u2026\u00a0<a class=\"wp-block-latest-posts__read-more\" href=\"https:\/\/vcp.de\/pfadfinden\/aus-dem-verband\/pfaditag\/auf-ins-abenteuer-pfaditag-2024\/\" rel=\"noopener noreferrer\"><span class=\"screen-reader-text\">Auf ins Abenteuer: PfadiTag 2024 <\/span>weiterlesen<\/a><\/div><\/li>\n<li><div class=\"wp-block-latest-posts__featured-image alignleft\"><img loading=\"lazy\" decoding=\"async\" width=\"150\" height=\"150\" src=\"https:\/\/vcp.de\/pfadfinden\/wp-content\/uploads\/2023\/09\/VCP_PfadiTag-150x150.jpg\" class=\"attachment-thumbnail size-thumbnail wp-post-image\" alt=\"\" style=\"max-width:150px;max-height:150px;\" srcset=\"https:\/\/vcp.de\/pfadfinden\/wp-content\/uploads\/2023\/09\/VCP_PfadiTag-150x150.jpg 150w, https:\/\/vcp.de\/pfadfinden\/wp-content\/uploads\/2023\/09\/VCP_PfadiTag-45x45.jpg 45w\" sizes=\"auto, (max-width: 150px) 100vw, 150px\" \/><\/div><a class=\"wp-block-latest-posts__post-title\" href=\"https:\/\/vcp.de\/pfadfinden\/aus-dem-verband\/pfaditag\/ausserschulische-jugendarbeit-von-kjp-kuerzungen-bedroht\/\">Au\u00dferschulische Jugendarbeit von KJP-K\u00fcrzungen bedroht<\/a><div class=\"wp-block-latest-posts__post-excerpt\"><\/div><\/li>\n<li><div class=\"wp-block-latest-posts__featured-image alignleft\"><img loading=\"lazy\" decoding=\"async\" width=\"150\" height=\"150\" src=\"https:\/\/vcp.de\/pfadfinden\/wp-content\/uploads\/2023\/09\/Pfadiposter61-150x150.jpg\" class=\"attachment-thumbnail size-thumbnail wp-post-image\" alt=\"\" style=\"max-width:150px;max-height:150px;\" srcset=\"https:\/\/vcp.de\/pfadfinden\/wp-content\/uploads\/2023\/09\/Pfadiposter61-150x150.jpg 150w, https:\/\/vcp.de\/pfadfinden\/wp-content\/uploads\/2023\/09\/Pfadiposter61-300x300.jpg 300w, https:\/\/vcp.de\/pfadfinden\/wp-content\/uploads\/2023\/09\/Pfadiposter61-1024x1024.jpg 1024w, https:\/\/vcp.de\/pfadfinden\/wp-content\/uploads\/2023\/09\/Pfadiposter61-768x768.jpg 768w, https:\/\/vcp.de\/pfadfinden\/wp-content\/uploads\/2023\/09\/Pfadiposter61-1536x1536.jpg 1536w, https:\/\/vcp.de\/pfadfinden\/wp-content\/uploads\/2023\/09\/Pfadiposter61-2048x2048.jpg 2048w, https:\/\/vcp.de\/pfadfinden\/wp-content\/uploads\/2023\/09\/Pfadiposter61-750x750.jpg 750w, https:\/\/vcp.de\/pfadfinden\/wp-content\/uploads\/2023\/09\/Pfadiposter61-45x45.jpg 45w\" sizes=\"auto, (max-width: 150px) 100vw, 150px\" \/><\/div><a class=\"wp-block-latest-posts__post-title\" href=\"https:\/\/vcp.de\/pfadfinden\/aus-dem-verband\/pfaditag\/presse-fuer-den-pfaditag\/\">Presse f\u00fcr den PfadiTag<\/a><div class=\"wp-block-latest-posts__post-excerpt\">Am Wochenede ist PfadiTag (22. &#8211; 24. September) &#8211; der perfekte Zeitpunkt, ein paar Minuten in die Pressearbeit zu investieren! Eure Aktion steht, ihr seid zum PfadiTag angemeldet und seid voller Vorfreude? DIE Gelegenheit in eurer lokalen Presse aufzutauchen! Zust\u00e4ndigkeit: Am besten, ihr findet eine Person, die sich um die Pressearbeit k\u00fcmmert. Sie sollte nicht\u2026\u00a0<a class=\"wp-block-latest-posts__read-more\" href=\"https:\/\/vcp.de\/pfadfinden\/aus-dem-verband\/pfaditag\/presse-fuer-den-pfaditag\/\" rel=\"noopener noreferrer\"><span class=\"screen-reader-text\">Presse f\u00fcr den PfadiTag <\/span>weiterlesen<\/a><\/div><\/li>\n<li><div class=\"wp-block-latest-posts__featured-image alignleft\"><img loading=\"lazy\" decoding=\"async\" width=\"150\" height=\"150\" src=\"https:\/\/vcp.de\/pfadfinden\/wp-content\/uploads\/2023\/04\/23_02_18_Pfaditagposter-5-2023_klein-150x150.png\" class=\"attachment-thumbnail size-thumbnail wp-post-image\" alt=\"\" style=\"max-width:150px;max-height:150px;\" srcset=\"https:\/\/vcp.de\/pfadfinden\/wp-content\/uploads\/2023\/04\/23_02_18_Pfaditagposter-5-2023_klein-150x150.png 150w, https:\/\/vcp.de\/pfadfinden\/wp-content\/uploads\/2023\/04\/23_02_18_Pfaditagposter-5-2023_klein-45x45.png 45w\" sizes=\"auto, (max-width: 150px) 100vw, 150px\" \/><\/div><a class=\"wp-block-latest-posts__post-title\" href=\"https:\/\/vcp.de\/pfadfinden\/allgemein\/werbeset-pfaditag\/\">Werbeset PfadiTag<\/a><div class=\"wp-block-latest-posts__post-excerpt\">Hallo! Sch\u00f6n, dass du dich f\u00fcr das&nbsp;PfadiTag Werbeset&nbsp;entschieden hast und damit dieses Jahr beim PfadiTag durchstarten willst! Hier kannst du es bestellen: www.fahrtenbedarf.de. Im Folgenden fassen wir dir kurz zusammen, wie du mit den einzelnen Materialien effektiv werben kannst. F\u00fcr noch mehr Infos und Tipps, wie ihr eure PfadiTag Aktion gut planen und durchf\u00fchren k\u00f6nnt\u2026\u00a0<a class=\"wp-block-latest-posts__read-more\" href=\"https:\/\/vcp.de\/pfadfinden\/allgemein\/werbeset-pfaditag\/\" rel=\"noopener noreferrer\"><span class=\"screen-reader-text\">Werbeset PfadiTag <\/span>weiterlesen<\/a><\/div><\/li>\n<li><div class=\"wp-block-latest-posts__featured-image alignleft\"><img loading=\"lazy\" decoding=\"async\" width=\"150\" height=\"150\" src=\"https:\/\/vcp.de\/pfadfinden\/wp-content\/uploads\/2023\/04\/23_02_18_Pfaditagposter-5-2023_klein-150x150.png\" class=\"attachment-thumbnail size-thumbnail wp-post-image\" alt=\"\" style=\"max-width:150px;max-height:150px;\" srcset=\"https:\/\/vcp.de\/pfadfinden\/wp-content\/uploads\/2023\/04\/23_02_18_Pfaditagposter-5-2023_klein-150x150.png 150w, https:\/\/vcp.de\/pfadfinden\/wp-content\/uploads\/2023\/04\/23_02_18_Pfaditagposter-5-2023_klein-45x45.png 45w\" sizes=\"auto, (max-width: 150px) 100vw, 150px\" \/><\/div><a class=\"wp-block-latest-posts__post-title\" href=\"https:\/\/vcp.de\/pfadfinden\/auf-neuem-pfad\/pfaditag-und-du-machst-den-unterschied\/\">PfadiTag \u2026 und du machst den Unterschied!<\/a><div class=\"wp-block-latest-posts__post-excerpt\">Jede*r von uns ist einzigartig und hat besondere St\u00e4rken und F\u00e4higkeiten. Es ist wichtig, diese zu erkennen und zu sch\u00e4tzen, denn sie machen uns zu dem, was wir sind. Bei den Pfadfinder*innen sind wir nicht nur einzelne Individuen, sondern Teil einer gro\u00dfen Gemeinschaft. In einer Gemeinschaft hat jedes Mitglied eine Rolle und ist ein bisschen\u2026\u00a0<a class=\"wp-block-latest-posts__read-more\" href=\"https:\/\/vcp.de\/pfadfinden\/auf-neuem-pfad\/pfaditag-und-du-machst-den-unterschied\/\" rel=\"noopener noreferrer\"><span class=\"screen-reader-text\">PfadiTag \u2026 und du machst den Unterschied! <\/span>weiterlesen<\/a><\/div><\/li>\n<li><div class=\"wp-block-latest-posts__featured-image alignleft\"><img loading=\"lazy\" decoding=\"async\" width=\"150\" height=\"150\" src=\"https:\/\/vcp.de\/pfadfinden\/wp-content\/uploads\/2022\/03\/Pfadiposter5_violett_Beitragsbild-150x150.jpg\" class=\"attachment-thumbnail size-thumbnail wp-post-image\" alt=\"Pfadiposter5 violett Beitragsbild Motiv: Tobi Dahmen\" style=\"max-width:150px;max-height:150px;\" srcset=\"https:\/\/vcp.de\/pfadfinden\/wp-content\/uploads\/2022\/03\/Pfadiposter5_violett_Beitragsbild-150x150.jpg 150w, https:\/\/vcp.de\/pfadfinden\/wp-content\/uploads\/2022\/03\/Pfadiposter5_violett_Beitragsbild-45x45.jpg 45w\" sizes=\"auto, (max-width: 150px) 100vw, 150px\" \/><\/div><a class=\"wp-block-latest-posts__post-title\" href=\"https:\/\/vcp.de\/pfadfinden\/allgemein\/pfaditag-2022-der-erste-vcp-weite-pfaditag\/\">PfadiTag 2022: Der erste VCP-weite PfadiTag<\/a><div class=\"wp-block-latest-posts__post-excerpt\">von Kilian Frank und Jonas H\u00f6chst Wow, wir sind beeindruckt, was ihr in euren St\u00e4mmen am ersten VCP-weiten PfadiTag alles gerissen habt! Auf der Deutschlandkarte waren 72 Stecknadeln gesteckt und hinter jeder einzelnen hat sich eine fantastische Aktion verborgen! Wir haben ehrlich nicht damit gerechnet, gleich eine so gro\u00dfe Anzahl an St\u00e4mmen f\u00fcr den PfadiTag\u2026\u00a0<a class=\"wp-block-latest-posts__read-more\" href=\"https:\/\/vcp.de\/pfadfinden\/allgemein\/pfaditag-2022-der-erste-vcp-weite-pfaditag\/\" rel=\"noopener noreferrer\"><span class=\"screen-reader-text\">PfadiTag 2022: Der erste VCP-weite PfadiTag <\/span>weiterlesen<\/a><\/div><\/li>\n<li><div class=\"wp-block-latest-posts__featured-image alignleft\"><img loading=\"lazy\" decoding=\"async\" width=\"150\" height=\"150\" src=\"https:\/\/vcp.de\/pfadfinden\/wp-content\/uploads\/2022\/03\/Pfadiposter5_violett_Beitragsbild-150x150.jpg\" class=\"attachment-thumbnail size-thumbnail wp-post-image\" alt=\"Pfadiposter5 violett Beitragsbild Motiv: Tobi Dahmen\" style=\"max-width:150px;max-height:150px;\" srcset=\"https:\/\/vcp.de\/pfadfinden\/wp-content\/uploads\/2022\/03\/Pfadiposter5_violett_Beitragsbild-150x150.jpg 150w, https:\/\/vcp.de\/pfadfinden\/wp-content\/uploads\/2022\/03\/Pfadiposter5_violett_Beitragsbild-45x45.jpg 45w\" sizes=\"auto, (max-width: 150px) 100vw, 150px\" \/><\/div><a class=\"wp-block-latest-posts__post-title\" href=\"https:\/\/vcp.de\/pfadfinden\/allgemein\/pfaditag-wie-geht-das\/\">PfadiTag &#8211; wie geht das?<\/a><div class=\"wp-block-latest-posts__post-excerpt\">Hallo liebe Stammesleitungen, das Bundeslager ist vorbei und wir k\u00e4mpfen uns langsam wieder in den Alltag und das Leben abseits von Pfadi-Gro\u00dfveranstaltungen. Doch die n\u00e4chste Gro\u00dfveranstaltung wartet schon. Aber keine Angst, ihr m\u00fcsst nicht wieder euer ganzes Stammes-Mat packen und wegfahren. Die n\u00e4chste Gro\u00dfveranstaltung findet bei euch vor Ort und in ganz Deutschland statt! Am\u2026\u00a0<a class=\"wp-block-latest-posts__read-more\" href=\"https:\/\/vcp.de\/pfadfinden\/allgemein\/pfaditag-wie-geht-das\/\" rel=\"noopener noreferrer\"><span class=\"screen-reader-text\">PfadiTag &#8211; wie geht das? <\/span>weiterlesen<\/a><\/div><\/li>\n<li><div class=\"wp-block-latest-posts__featured-image alignleft\"><img loading=\"lazy\" decoding=\"async\" width=\"150\" height=\"150\" src=\"https:\/\/vcp.de\/pfadfinden\/wp-content\/uploads\/2022\/03\/Pfadiposter5_violett_Beitragsbild-150x150.jpg\" class=\"attachment-thumbnail size-thumbnail wp-post-image\" alt=\"Pfadiposter5 violett Beitragsbild Motiv: Tobi Dahmen\" style=\"max-width:150px;max-height:150px;\" srcset=\"https:\/\/vcp.de\/pfadfinden\/wp-content\/uploads\/2022\/03\/Pfadiposter5_violett_Beitragsbild-150x150.jpg 150w, https:\/\/vcp.de\/pfadfinden\/wp-content\/uploads\/2022\/03\/Pfadiposter5_violett_Beitragsbild-45x45.jpg 45w\" sizes=\"auto, (max-width: 150px) 100vw, 150px\" \/><\/div><a class=\"wp-block-latest-posts__post-title\" href=\"https:\/\/vcp.de\/pfadfinden\/auf-neuem-pfad\/pfaditag-2022\/\">PfadiTag 2022<\/a><div class=\"wp-block-latest-posts__post-excerpt\">\u2026 auf ins Abenteuer! Auch in deinem Stamm? von Jonas H\u00f6chst Der PfadiTag ist eine VCP-weite Aktion, bei dem St\u00e4mme aus ihren Stammesheimen, Hinterh\u00f6fen und Nischen heraustreten und der Welt zeigen, was Pfadfinder*innen eigentlich machen. Und weil das am besten klappt, wenn viele mitmachen, haben wir uns gedacht, wir machen das f\u00fcr alle VCP-St\u00e4mme an\u2026\u00a0<a class=\"wp-block-latest-posts__read-more\" href=\"https:\/\/vcp.de\/pfadfinden\/auf-neuem-pfad\/pfaditag-2022\/\" rel=\"noopener noreferrer\"><span class=\"screen-reader-text\">PfadiTag 2022 <\/span>weiterlesen<\/a><\/div><\/li>\n<li><div class=\"wp-block-latest-posts__featured-image alignleft\"><img loading=\"lazy\" decoding=\"async\" width=\"150\" height=\"150\" src=\"https:\/\/vcp.de\/pfadfinden\/wp-content\/uploads\/2021\/12\/pfaditag_beitragsbild-150x150.jpg\" class=\"attachment-thumbnail size-thumbnail wp-post-image\" alt=\"Pfaditag Beitragsbild\" style=\"max-width:150px;max-height:150px;\" srcset=\"https:\/\/vcp.de\/pfadfinden\/wp-content\/uploads\/2021\/12\/pfaditag_beitragsbild-150x150.jpg 150w, https:\/\/vcp.de\/pfadfinden\/wp-content\/uploads\/2021\/12\/pfaditag_beitragsbild-45x45.jpg 45w\" sizes=\"auto, (max-width: 150px) 100vw, 150px\" \/><\/div><a class=\"wp-block-latest-posts__post-title\" href=\"https:\/\/vcp.de\/pfadfinden\/auf-neuem-pfad\/pfaditag-23-25-september-2022\/\">PfadiTag 23-25. September 2022<\/a><div class=\"wp-block-latest-posts__post-excerpt\">Ihr sucht neue Gruppenmitglieder oder Mitarbeitende? Ihr m\u00f6chtet mehr \u00d6ffentlichkeit in eurem Ort schaffen und die Menschen f\u00fcr Pfadfinden begeistern? Dann ist der PfadiTag genau die richtige Aktion f\u00fcr euch! Eine bundesweite Aktion, bei der St\u00e4mme an einem Wochenende (23.-25.09.2022) in ihrem Ort eine von uns unterst\u00fctzte und beworbene Veranstaltung durchf\u00fchren k\u00f6nnen. Diese kann ein\u2026\u00a0<a class=\"wp-block-latest-posts__read-more\" href=\"https:\/\/vcp.de\/pfadfinden\/auf-neuem-pfad\/pfaditag-23-25-september-2022\/\" rel=\"noopener noreferrer\"><span class=\"screen-reader-text\">PfadiTag 23-25. September 2022 <\/span>weiterlesen<\/a><\/div><\/li>\n<\/ul>","protected":false},"excerpt":{"rendered":"<p>Hallo du,bestimmt hast du in den vergangenen drei Jahren schon mal irgendwas vom PfadiTag geh\u00f6rt. Wir, Stibu, Jonas und Melli, aus dem VCP Hessen, haben den PfadiTag seit drei Jahren auf der Agenda.Seit vergangenem Jahr ist der PfadiTag eine bundesweite Aktion. In diesem Jahr findet der PfadiTag unter dem Motto \u201e\u2026 und DU machst den [&hellip;]<\/p>\n","protected":false},"author":50,"featured_media":0,"parent":0,"menu_order":0,"comment_status":"closed","ping_status":"closed","template":"","meta":{"_acf_changed":false,"inline_featured_image":false,"footnotes":""},"class_list":["post-30877","page","type-page","status-publish","hentry"],"acf":[],"_links":{"self":[{"href":"https:\/\/vcp.de\/pfadfinden\/wp-json\/wp\/v2\/pages\/30877","targetHints":{"allow":["GET"]}}],"collection":[{"href":"https:\/\/vcp.de\/pfadfinden\/wp-json\/wp\/v2\/pages"}],"about":[{"href":"https:\/\/vcp.de\/pfadfinden\/wp-json\/wp\/v2\/types\/page"}],"author":[{"embeddable":true,"href":"https:\/\/vcp.de\/pfadfinden\/wp-json\/wp\/v2\/users\/50"}],"replies":[{"embeddable":true,"href":"https:\/\/vcp.de\/pfadfinden\/wp-json\/wp\/v2\/comments?post=30877"}],"version-history":[{"count":14,"href":"https:\/\/vcp.de\/pfadfinden\/wp-json\/wp\/v2\/pages\/30877\/revisions"}],"predecessor-version":[{"id":31477,"href":"https:\/\/vcp.de\/pfadfinden\/wp-json\/wp\/v2\/pages\/30877\/revisions\/31477"}],"wp:attachment":[{"href":"https:\/\/vcp.de\/pfadfinden\/wp-json\/wp\/v2\/media?parent=30877"}],"curies":[{"name":"wp","href":"https:\/\/api.w.org\/{rel}","templated":true}]}}