{"id":20418,"date":"2021-02-16T15:20:11","date_gmt":"2021-02-16T14:20:11","guid":{"rendered":"https:\/\/www.vcp.de\/pfadfinden\/?page_id=20418"},"modified":"2021-04-13T19:48:43","modified_gmt":"2021-04-13T17:48:43","slug":"lesekreis","status":"publish","type":"page","link":"https:\/\/vcp.de\/pfadfinden\/pfadisbleiben\/lesekreis\/","title":{"rendered":"Read &#038; Meet Lesekreis"},"content":{"rendered":"<p>&nbsp;<\/p>\n<p><a href=\"https:\/\/www.vcp.de\/pfadfinden\/wp-content\/uploads\/2021\/03\/weiss-read-meet.jpg\"><img loading=\"lazy\" decoding=\"async\" class=\"size-medium wp-image-21193 aligncenter\" src=\"https:\/\/www.vcp.de\/pfadfinden\/wp-content\/uploads\/2021\/03\/weiss-read-meet-300x300.jpg\" alt=\"\" width=\"300\" height=\"300\" srcset=\"https:\/\/vcp.de\/pfadfinden\/wp-content\/uploads\/2021\/03\/weiss-read-meet-300x300.jpg 300w, https:\/\/vcp.de\/pfadfinden\/wp-content\/uploads\/2021\/03\/weiss-read-meet-1024x1024.jpg 1024w, https:\/\/vcp.de\/pfadfinden\/wp-content\/uploads\/2021\/03\/weiss-read-meet-150x150.jpg 150w, https:\/\/vcp.de\/pfadfinden\/wp-content\/uploads\/2021\/03\/weiss-read-meet-768x768.jpg 768w, https:\/\/vcp.de\/pfadfinden\/wp-content\/uploads\/2021\/03\/weiss-read-meet-45x45.jpg 45w, https:\/\/vcp.de\/pfadfinden\/wp-content\/uploads\/2021\/03\/weiss-read-meet.jpg 1080w\" sizes=\"auto, (max-width: 300px) 100vw, 300px\" \/><\/a><\/p>\n<p>Magst du interessante B\u00fccher und gute Gespr\u00e4che?<\/p>\n<p>Dann bist du im VCP Read &amp; Meet Lesekreis genau richtig. Hier wollen wir uns anhand spannender B\u00fccher mit herausfordernden gesellschaftlichen Themen auseinandersetzen. Die digitalen Lesekreis-Treffen sind dabei ein Ort, um das Gelesene gemeinsam zu verarbeiten, zu reflektieren und Fragen zu besprechen. Der Lesekreis ist als Safe Space f\u00fcr alle Beteiligten gedacht.<\/p>\n<p>In der ersten Runde des Lesekreises m\u00f6chten wir uns gemeinsam mit dem Buch &#8222;exit Racism &#8211; rassismuskritisch denken lernen&#8220; von Tupoka Ogette besch\u00e4ftigen. Die Autorin und Diversity-Trainerin schildert darin ihre Erfahrung als Schwarze in Deutschland und hilft uns dabei unser eigenes Handeln zu hinterfragen und uns zu solidarisieren.<\/p>\n<p>Das Buch kannst du hier\u00a0bestellen oder du h\u00f6rst einfach das kostenlose H\u00f6rbuch.<\/p>\n<p>Teilnehmer*innen: \u200bRanger*Rover<\/p>\n<p>Preis: die Teilnahme ist kostenlos<\/p>\n<p>Termine:<\/p>\n<p>13.04.2021 20:00 Uhr &#8211; Kapitel 1-4 (33 Seiten)<\/p>\n<p>20.04. 20:00 Uhr &#8211; Kapitel 5 (20 Seiten)<\/p>\n<p>27.04. 20:00 Uhr &#8211; Kapitel 6 (34 Seiten)<\/p>\n<p>04.05. 20:00 Uhr &#8211; Kapitel 7-8 (34 Seiten)<\/p>\n<p>11.05. 20:00 Uhr &#8211; Kapitel 9 (6 Seiten)<\/p>\n<p>Zu den Terminen m\u00f6chten wir die Inhalte der Kapitel besprechen. Also freuen wir uns, wenn du diese vorher gelesen hast.<\/p>\n<p>Anmeldung: eine Anmeldung ist nicht n\u00f6tig, komm einfach in unsere <a href=\"https:\/\/teams.microsoft.com\/l\/meetup-join\/19%3ameeting_M2E5MWI4ZGUtZWQyYy00MjliLTgzNGUtZTQ5MzY5N2I3OWFh%40thread.v2\/0?context=%7b%22Tid%22%3a%2277e0667b-faeb-438f-9aaa-ab6702ef8014%22%2c%22Oid%22%3a%2283ba7faa-caae-4625-ba36-7e809d944f82%22%7d\" target=\"_blank\" rel=\"noopener\">Teams-Konferenz<\/a>.<\/p>\n<p>Bei weiteren Fragen wende dich gern an: <a href=\"mailto:jugendpolitik@vcp.de\">\u00a0jugendpolitik@vcp.de<\/a><\/p>\n","protected":false},"excerpt":{"rendered":"<p>&nbsp; Magst du interessante B\u00fccher und gute Gespr\u00e4che? Dann bist du im VCP Read &amp; Meet Lesekreis genau richtig. Hier wollen wir uns anhand spannender B\u00fccher mit herausfordernden gesellschaftlichen Themen auseinandersetzen. Die digitalen Lesekreis-Treffen sind dabei ein Ort, um das Gelesene gemeinsam zu verarbeiten, zu reflektieren und Fragen zu besprechen. Der Lesekreis ist als Safe [&hellip;]<\/p>\n","protected":false},"author":3,"featured_media":21193,"parent":20409,"menu_order":0,"comment_status":"closed","ping_status":"closed","template":"","meta":{"_acf_changed":false,"inline_featured_image":false,"footnotes":""},"class_list":["post-20418","page","type-page","status-publish","has-post-thumbnail","hentry"],"acf":[],"_links":{"self":[{"href":"https:\/\/vcp.de\/pfadfinden\/wp-json\/wp\/v2\/pages\/20418","targetHints":{"allow":["GET"]}}],"collection":[{"href":"https:\/\/vcp.de\/pfadfinden\/wp-json\/wp\/v2\/pages"}],"about":[{"href":"https:\/\/vcp.de\/pfadfinden\/wp-json\/wp\/v2\/types\/page"}],"author":[{"embeddable":true,"href":"https:\/\/vcp.de\/pfadfinden\/wp-json\/wp\/v2\/users\/3"}],"replies":[{"embeddable":true,"href":"https:\/\/vcp.de\/pfadfinden\/wp-json\/wp\/v2\/comments?post=20418"}],"version-history":[{"count":0,"href":"https:\/\/vcp.de\/pfadfinden\/wp-json\/wp\/v2\/pages\/20418\/revisions"}],"up":[{"embeddable":true,"href":"https:\/\/vcp.de\/pfadfinden\/wp-json\/wp\/v2\/pages\/20409"}],"wp:featuredmedia":[{"embeddable":true,"href":"https:\/\/vcp.de\/pfadfinden\/wp-json\/wp\/v2\/media\/21193"}],"wp:attachment":[{"href":"https:\/\/vcp.de\/pfadfinden\/wp-json\/wp\/v2\/media?parent=20418"}],"curies":[{"name":"wp","href":"https:\/\/api.w.org\/{rel}","templated":true}]}}

<p>&nbsp;</p>
<p><a href="https://www.vcp.de/pfadfinden/wp-content/uploads/2021/03/weiss-read-meet.jpg"><img loading="lazy" decoding="async" class="size-medium wp-image-21193 aligncenter" src="https://www.vcp.de/pfadfinden/wp-content/uploads/2021/03/weiss-read-meet-300x300.jpg" alt="" width="300" height="300" srcset="https://vcp.de/pfadfinden/wp-content/uploads/2021/03/weiss-read-meet-300x300.jpg 300w, https://vcp.de/pfadfinden/wp-content/uploads/2021/03/weiss-read-meet-1024x1024.jpg 1024w, https://vcp.de/pfadfinden/wp-content/uploads/2021/03/weiss-read-meet-150x150.jpg 150w, https://vcp.de/pfadfinden/wp-content/uploads/2021/03/weiss-read-meet-768x768.jpg 768w, https://vcp.de/pfadfinden/wp-content/uploads/2021/03/weiss-read-meet-45x45.jpg 45w, https://vcp.de/pfadfinden/wp-content/uploads/2021/03/weiss-read-meet.jpg 1080w" sizes="auto, (max-width: 300px) 100vw, 300px" /></a></p>
<p>Magst du interessante Bücher und gute Gespräche?</p>
<p>Dann bist du im VCP Read &amp; Meet Lesekreis genau richtig. Hier wollen wir uns anhand spannender Bücher mit herausfordernden gesellschaftlichen Themen auseinandersetzen. Die digitalen Lesekreis-Treffen sind dabei ein Ort, um das Gelesene gemeinsam zu verarbeiten, zu reflektieren und Fragen zu besprechen. Der Lesekreis ist als Safe Space für alle Beteiligten gedacht.</p>
<p>In der ersten Runde des Lesekreises möchten wir uns gemeinsam mit dem Buch &#8222;exit Racism &#8211; rassismuskritisch denken lernen&#8220; von Tupoka Ogette beschäftigen. Die Autorin und Diversity-Trainerin schildert darin ihre Erfahrung als Schwarze in Deutschland und hilft uns dabei unser eigenes Handeln zu hinterfragen und uns zu solidarisieren.</p>
<p>Das Buch kannst du hier bestellen oder du hörst einfach das kostenlose Hörbuch.</p>
<p>Teilnehmer*innen: ​Ranger*Rover</p>
<p>Preis: die Teilnahme ist kostenlos</p>
<p>Termine:</p>
<p>13.04.2021 20:00 Uhr &#8211; Kapitel 1-4 (33 Seiten)</p>
<p>20.04. 20:00 Uhr &#8211; Kapitel 5 (20 Seiten)</p>
<p>27.04. 20:00 Uhr &#8211; Kapitel 6 (34 Seiten)</p>
<p>04.05. 20:00 Uhr &#8211; Kapitel 7-8 (34 Seiten)</p>
<p>11.05. 20:00 Uhr &#8211; Kapitel 9 (6 Seiten)</p>
<p>Zu den Terminen möchten wir die Inhalte der Kapitel besprechen. Also freuen wir uns, wenn du diese vorher gelesen hast.</p>
<p>Anmeldung: eine Anmeldung ist nicht nötig, komm einfach in unsere <a href="https://teams.microsoft.com/l/meetup-join/19%3ameeting_M2E5MWI4ZGUtZWQyYy00MjliLTgzNGUtZTQ5MzY5N2I3OWFh%40thread.v2/0?context=%7b%22Tid%22%3a%2277e0667b-faeb-438f-9aaa-ab6702ef8014%22%2c%22Oid%22%3a%2283ba7faa-caae-4625-ba36-7e809d944f82%22%7d" target="_blank" rel="noopener">Teams-Konferenz</a>.</p>
<p>Bei weiteren Fragen wende dich gern an: <a href="mailto:jugendpolitik@vcp.de"> jugendpolitik@vcp.de</a></p>

<p>&nbsp; Magst du interessante Bücher und gute Gespräche? Dann bist du im VCP Read &amp; Meet Lesekreis genau richtig. Hier wollen wir uns anhand spannender Bücher mit herausfordernden gesellschaftlichen Themen auseinandersetzen. Die digitalen Lesekreis-Treffen sind dabei ein Ort, um das Gelesene gemeinsam zu verarbeiten, zu reflektieren und Fragen zu besprechen. Der Lesekreis ist als Safe [&hellip;]</p>
