{"id":10058,"date":"2018-06-07T15:01:23","date_gmt":"2018-06-07T13:01:23","guid":{"rendered":"https:\/\/www.vcp.de\/pfadfinden\/?page_id=10058"},"modified":"2023-02-14T17:02:32","modified_gmt":"2023-02-14T16:02:32","slug":"datenschutzerklaerung","status":"publish","type":"page","link":"https:\/\/vcp.de\/pfadfinden\/datenschutzerklaerung\/","title":{"rendered":"Datenschutzerkl\u00e4rung"},"content":{"rendered":"<h3>Allgemeines zum Datenschutz<\/h3>\n<p>Seit dem 25.05.2018 gilt die neue Datenschutzgrundverordnung (im Nachfolgenden DSGVO genannt) der Europ\u00e4ischen Union. F\u00fcr den VCP gilt das Datenschutzgesetz der Evangelischen Kirche Deutschland (im Nachfolgenden DSG-EKD genannt), welches in neuer Version am 24.05.2018 in Kraft getreten ist. Demnach stehen f\u00fcr den VCP einige Ver\u00e4nderungen an, es ist aber nicht alles neu, denn das Thema Datenschutz wird im VCP schon lange gro\u00df geschrieben. Das neue EU-Gesetz baut auf das bereits 1995 verabschiedete Bundesdatenschutzgesetz auf und bildet so ein einheitliches Gesetz zum Datenschutz f\u00fcr die gesamte EU.<\/p>\n<p>Entsprechend dem Artikel 13 DSGVO bzw. \u00a716 DSG-EKD erhalten Sie im Nachfolgenden alle Informationen zur Verarbeitung Ihrer personenbezogenen Daten auf dieser Website. Personenbezogene Daten sind alle Daten, die eine Person identifizieren (Definition personenbezogene Daten unter \u00a74 Abs. 1 DSG-EKD). Diese k\u00f6nnen nicht nur Name, E-Mail-Adresse oder Kontaktdaten, sondern z.B. auch die IP-Adresse sein, \u00fcber die Sie ggf. diese Website besuchen.<\/p>\n<h3>Verantwortliche Stelle<\/h3>\n<p>Verantwortlich f\u00fcr die Verarbeitung Ihrer personenbezogenen Daten auf dieser Website ist der<br \/>\nVerband Christlicher Pfadfinderinnen und Pfadfinder (VCP) e.V.<br \/>\nWichernweg 3<br \/>\n34121 Kassel<\/p>\n<p>Tel.: 0561-78437-0<br \/>\nFax: 0561-78437-40<br \/>\nEmail: <a href=\"info@vcp.de\">info(at)vcp.de<\/a><\/p>\n<h3>\u00d6rtlich Beauftragter f\u00fcr den Datenschutz<\/h3>\n<p>Der \u00f6rtlich Beauftragter f\u00fcr den Datenschutz f\u00fcr die Bundesebene des VCP e.V. kann in der VCP Bundeszentrale unter folgender E-Mailadresse erreicht werden: <a href=\"mailto:datenschutz@vcp.de\">datenschutz@vcp.de<\/a><\/p>\n<h3>Datenerfassung auf dieser Webseite<\/h3>\n<p>Mit dem Besuch der Website www.vcp.de\/pfadfinden werden je nach Aktion auf der Website wie im Folgenden beschrieben personenbezogene Daten zu unterschiedlichen Zwecken und mit unterschiedlichen rechtlichen Grundlagen verarbeitet.<\/p>\n<p>Die Seite www.vcp.de\/pfadfinden ist SSL verschl\u00fcsselt, wodurch die Sicherheit dieser Seite generiert wird und keine der Daten, die Sie uns zur Verf\u00fcgung stellen, von Dritten mitgelesen werden k\u00f6nnen. Zu erkennen ist die Verschl\u00fcsselung an der Adresszeile des Browsers https:\/\/ und an dem Schloss-Symbol.<\/p>\n<h3>Log-Files<\/h3>\n<p>Bei einem Besuch auf der Website www.vcp.de\/pfadfinden werden durch den verwendeten Browser auf ihrem Endger\u00e4t personenbezogenen Daten teils anonymisiert in so genannten Log-Files auf dem Server unserer Website verarbeitet. Dies dient nach \u00a76 Abs. 8 DSG-EKD der Wahrung unseres Berechtigen Interesses, die Auslieferung der Website an Ihr Endger\u00e4t zu erm\u00f6glichen und die Funktionsf\u00e4higkeit sicherzustellen. Dies ist auch gleichzeitig der Zweck der Verarbeitung der personenbezogenen Daten. Folgende personenbezogene Daten werden verarbeitet:<\/p>\n<ul>\n<li>IP-Adresse des anfragenden Rechners (anonymisiert)<\/li>\n<li>Datum und Uhrzeit des Zugriffs<\/li>\n<li>Name und URL der abgerufenen Datei<\/li>\n<li>Website, von der aus der Zugriff erfolgt (Referrer-URL),<\/li>\n<\/ul>\n<p>verwendeter Browser und ggf. das Betriebssystem Ihres Rechners sowie der Name Ihres Access-Providers<\/p>\n<p>Um die Sicherheit ihrer Daten auch auf dem Server unserer Website sicherzustellen, haben wir mit unserem Hoster-Dienstleister gem\u00e4\u00df \u00a730 DSG-EKD einen Vertrag zur Auftragsverarbeitung abgeschlossen.<\/p>\n<h3>Statistische Auswertungen mit Matomo (ehemals PIWIK)<\/h3>\n<p>Auf dieser Website wird die Open-Source-Software Matomo (ehemals PIWIK) auf Grundlage unseres berechtigten Interesses (\u00a76 abs. 8 DSG-EKD) zur statistischen Auswertung der Nutzung eingesetzt. Die durch Matomo gesammelten Daten (u.a. Uhrzeit, abgerufene Seite, benutzter Browser, Suchmaschine, Plug-Ins, gek\u00fcrzte IP) werden auf dem Server unserer Website verarbeitet. Hierbei sind die mit Matomo erzeugten Auswertungen vollst\u00e4ndig anonymisiert und lassen sich nicht zur Identifikation einzelner Personen nutzen. Eine Verkn\u00fcpfung der durch Matomo gespeicherten Daten mit anderen Datenquellen oder eine Weitergabe an Dritte findet nicht statt.<\/p>\n<p>Sie k\u00f6nnen sich hier entscheiden, ob in Ihrem Browser ein eindeutiger Webanalyse-Cookie abgelegt werden darf, um dem Betreiber der Website die Erfassung und Analyse verschiedener statistischer Daten zu erm\u00f6glichen.<br \/>\nWenn Sie sich dagegen entscheiden m\u00f6chten, klicken Sie diesen <span class=\"borlabs-cookie-open-dialog-preferences \" data-borlabs-cookie-title=\"Link\" data-borlabs-cookie-type=\"link\" ><\/span>, um die statistische Auswertung zu deaktivieren.<\/p>\n<h3>Cookies<\/h3>\n<p>Internetseiten verwenden teilweise so genannte Cookies. Diese richten auf Ihrem Rechner keinen Schaden an und enthalten keine Viren. Cookies dienen dazu, unser Angebot nutzerfreundlicher, effektiver und sicherer zu machen. Cookies sind kleine Textdateien, die Ihr Browser speichert und auf Ihrem Rechner ablegt.<\/p>\n<p>Die meisten der von uns verwendeten Cookies sind so genannte \u201eSession-Cookies\u201c. Sie werden nach Ende Ihres Besuchs automatisch gel\u00f6scht. Andere Cookies bleiben auf Ihrem Endger\u00e4t gespeichert, bis Sie diese l\u00f6schen. Diese Cookies dienen unserem berechtigten Interesse (\u00a76 Abs. 8 DSG-EKD), die Nutzung und Bereitstellung unserer Website f\u00fcr Sie zu erm\u00f6glichen, denn diese Cookies erm\u00f6glichen es uns, Ihren Browser beim n\u00e4chsten Besuch wiederzuerkennen und sind damit f\u00fcr die Nutzung der Website technisch notwendig.<\/p>\n<p>Sie k\u00f6nnen Ihren Browser so einstellen, dass Sie \u00fcber das Setzen von Cookies informiert werden und Cookies nur im Einzelfall erlauben, die Annahme von Cookies f\u00fcr bestimmte F\u00e4lle oder generell ausschlie\u00dfen sowie das automatische L\u00f6schen der Cookies beim Schlie\u00dfen des Browser aktivieren. Bei der Deaktivierung von Cookies kann die Funktionalit\u00e4t dieser Website eingeschr\u00e4nkt sein.<\/p>\n<p>Sie k\u00f6nnen ihre Cookie-Einstellungen f\u00fcr diese Website auf der folgenden Schaltfl\u00e4che \u00e4ndern.<br \/>\n<span class=\"borlabs-cookie-open-dialog-preferences brlbs-cmpnt-container\" data-borlabs-cookie-title=\"Cookieeinstellungen \u00e4ndern\" data-borlabs-cookie-type=\"button\" ><\/span><\/p>\n<h3>Einbindung anderer Websites<\/h3>\n<p>Wir binden Inhalte des Kartendienstes OpenStreetMap der OpenStreetMap Foundation (OSMF, FOSSGIS e.V. R\u00f6merweg 5 D-79199 Kirchzarten) ein. Die entsprechende Datenschutzerkl\u00e4rung kann unter folgendem Link eingesehen werden: <a href=\"https:\/\/www.fossgis.de\/datenschutzerklaerung\" target=\"_blank\" rel=\"noopener\">https:\/\/www.fossgis.de\/datenschutzerklaerung<\/a><\/p>\n<p>Wir binden Videos der Plattform YouTube der Google Inc. (1600 Amphitheatre Parkway, Mountain View, CA 94043, USA) ein. Die entsprechende Datenschutzerkl\u00e4rung kann unter folgendem Link eingesehen werden: <a href=\"https:\/\/www.google.com\/policies\/privacy\/\" target=\"_blank\" rel=\"noopener\">https:\/\/www.google.com\/policies\/privacy\/<\/a><\/p>\n<p>Wir binden Videos der Plattform Vimeo der Vimo Inc. (Vimeo, Inc. 555 West 18th Street, New York, New York 10011) ein, welche durch das Anklicken der Videos Cookies verwendet. Die entsprechende Datenschutzerkl\u00e4rung kann unter folgendem Link eingesehen werden: <a href=\"https:\/\/vimeo.com\/privacy\" target=\"_blank\" rel=\"noopener\">https:\/\/vimeo.com\/privacy<\/a><\/p>\n<p>Wir binden Bilder der Plattform flickr der Oath (EMEA) Limited (vormals als Yahoo! EMEA Limited bezeichnet) (5-7 Point Square, North Wall Quay Dublin 1 Irland \u2013 Ireland) ein. Die entsprechende Datenschutzerkl\u00e4rung der Website kann unter folgendem Link eingesehen werden <a href=\"https:\/\/policies.oath.com\/ie\/de\/oath\/privacy\/products\/flickr\/index.html\" target=\"_blank\" rel=\"noopener\">https:\/\/policies.oath.com\/ie\/de\/oath\/privacy\/products\/flickr\/index.html<\/a><\/p>\n<p>Wir binden Tweets der Plattform Twitter der Twitter Inc. (1355 Market St, Suite 900, San Francisco, California 94103, USA) ein. Die entsprechende Datenschutzerkl\u00e4rung der Website kann unter folgendem Link eingesehen werden: <a href=\"https:\/\/twitter.com\/de\/privacy\" target=\"_blank\" rel=\"noopener\">https:\/\/twitter.com\/de\/privacy<\/a><\/p>\n<p>Wir binden Streams von Meta Platforms Ireland Ltd., 4 Grand Canal Square, Grand Canal Harbour, Dublin 2, Irland (\u201eFacebook\u201c), ein. Die entsprechende Datenschutzerkl\u00e4rung der Website kann unter folgendem Link eingesehen werden: <a href=\"https:\/\/www.facebook.com\/help\/568137493302217\" target=\"_blank\" rel=\"noopener\">https:\/\/www.facebook.com\/help\/568137493302217<\/a><\/p>\n<p>Wir binden das soziale Netzwerk Instagram der Instagram LLC (1601 Willow Rd, Menlo Park CA 94025, USA) ein. Die entsprechende Datenschutzerkl\u00e4rung kann unter dem folgenden Link eingesehen werden: <a href=\"https:\/\/help.instagram.com\/155833707900388\" target=\"_blank\" rel=\"noopener\">https:\/\/help.instagram.com\/155833707900388<\/a><\/p>\n<p>Wir binden Tracks der Plattform Soundcloud der Soundcloud Limited (Berners House, 47-48 Berners Street, London W1T 3NF, UK) ein. Die entsprechende Datenschutzerkl\u00e4rung kann unter dem folgenden Link eingesehen werden: <a href=\"https:\/\/soundcloud.com\/pages\/privacy\" target=\"_blank\" rel=\"noopener\">https:\/\/soundcloud.com\/pages\/privacy<\/a><\/p>\n<p>Wir binden Publikationen der Plattform Issuu der\u00a0Issuu Inc (131 Lytton Ave, Palo Alto, CA 94301, USA) ein. Die entsprechende Datenschutzerkl\u00e4rung kann unter dem folgenden Link eingesehen werden:\u00a0<a href=\"https:\/\/help.issuu.com\/hc\/en-us\/categories\/201350228-Policies-and-Guidelines\" target=\"_blank\" rel=\"noopener\">https:\/\/help.issuu.com\/hc\/en-us\/categories\/201350228-Policies-and-Guidelines<\/a><\/p>\n<p>Auf dieser Website werden HTML-Codes der Firma Playbuzz Playbuzz Ltd., 3 Aluf Kalman Magen St., Building A, 1st Floor, Tel Aviv, 6107075 (Israel) eingebunden.<br \/>\nAuf EU-Ebene wird das Unternehmen von Playbuzz UK Limited, 91 Wimpole St., Marylebone, London, UK, W1G 0EF repr\u00e4sentiert.<\/p>\n<p>Wenn Sie eine Unterseite unserer Website aufrufen, auf der ein solcher HTML-Code von Playbuzz eingebunden ist, verbindet Sie der Browser mit den Servern von Playbuzz. Dabei werden die Inhalte des HTML-Codes direkt von Playbuzz an den Browser \u00fcbermittelt, der diese auf der aufgerufenen Seite aufbaut, so dass bei diesem Vorgang Playbuzz Ihre Daten verarbeitet. Welche Daten Playbuzz zu welchen Zwecken erfasst, ist den Datenschutzhinweisen von Playbuzz unter <a href=\"https:\/\/www.playbuzz.com\/PrivacyPolicy\" target=\"_blank\" rel=\"noopener\">https:\/\/www.playbuzz.com\/PrivacyPolicy<\/a> zu entnehmen.<\/p>\n<p>Die Website enth\u00e4lt eine Verlinkung zu Google Plus der Google Inc. ((1600 Amphitheatre Parkway, Mountain View, CA 94043, USA). Die entsprechende Datenschutzerkl\u00e4rung kann unter folgendem Link eingesehen werden: <a href=\"https:\/\/www.google.com\/policies\/privacy\/\" target=\"_blank\" rel=\"noopener\">https:\/\/www.google.com\/policies\/privacy\/<\/a><\/p>\n<h3>Rechte von betroffenen Personen<\/h3>\n<p>Nach den \u00a7\u00a719-22 DSG-EKD und 24-25 DSG-EKD bzw. \u00a746 DSG-EKD haben Sie als betroffene Person die folgende Rechte:<\/p>\n<ul>\n<li><strong>Auskunftsrecht der betroffenen Person \u00a719 DSG-EKD<\/strong><br \/>\nSie haben das Recht zu erfahren, welche ihrer personenbezogenen Daten und Kategorien von personenbezogenen Daten zu welchem Zweck, auf welcher Rechtsgrundlage, bei welchen Empf\u00e4ngern und f\u00fcr welche Dauer von uns verarbeitet werden.<\/li>\n<li><strong>Recht auf Berichtigung \u00a720 DSG-EKD<\/strong><br \/>\nSie haben das Recht die Berichtigung Ihrer bei uns verarbeiteten personenbezogenen Daten zu verlangen.<\/li>\n<li><strong>Recht auf L\u00f6schung \u00a721 DSG-EKD<\/strong><br \/>\nSie haben das Recht auf L\u00f6schung Ihrer bei uns verarbeiteten personenbezogenen Daten, wenn die Verarbeitung keinen rechtsg\u00fcltigen Zweck erf\u00fcllt oder unzul\u00e4ssig ist. Ist die Verarbeitung zur Aus\u00fcbung des Rechts auf freie Meinungs\u00e4u\u00dferung und Information, zur Erf\u00fcllung einer rechtlichen Verpflichtung, aus Gr\u00fcnden des \u00f6ffentlichen Interesses, f\u00fcr im kirchlichen Interesse liegende Archivzwecke, wissenschaftliche oder historische Forschungszwecke, f\u00fcr statistische Zwecke oder zur Geltendmachung, Aus\u00fcbung oder Verteidigung von Rechtsanspr\u00fcchen erforderlich, m\u00fcssen die Daten nicht gel\u00f6scht werden.<\/li>\n<li><strong>Recht auf Einschr\u00e4nkung der Verarbeitung \u00a722 DSG-EKD<\/strong><br \/>\nSie haben das Recht die Einschr\u00e4nkung der von Ihnen bei uns verarbeiteten personenbezogenen Daten zu verlangen, wenn Sie die Richtigkeit der Daten bestreiten, wenn die Verarbeitung unrechtm\u00e4\u00dfig ist und Sie statt einer L\u00f6schung eine Einschr\u00e4nkung verlangen, wir die Daten nicht mehr ben\u00f6tigen, Sie jedoch diese zur Geltendmachung, Aus\u00fcbung oder Verteidigung von Rechtsanspr\u00fcchen ben\u00f6tigen oder Sie gem\u00e4\u00df \u00a725 DSG-EKD Widerspruch gegen die Verarbeitung eingelegt haben.<\/li>\n<li><strong>Recht auf Daten\u00fcbertragbarkeit \u00a724 DSG-EKD<\/strong><br \/>\nWenn die Verarbeitung Ihrer personenbezogenen Daten bei uns auf einem Vertrag beruht und mit Hilfe automatisierter Verfahren erfolgt ist, haben Sie das Recht Ihre verarbeiteten Daten in einem strukturierten, g\u00e4ngigen und maschinenlesbaren Format zu erhalten oder die \u00dcbermittlung an einen anderen Dritten zu verlangen. Das Recht auf Daten\u00fcbertragbarkeit gilt nicht f\u00fcr eine Verarbeitung, die f\u00fcr die Wahrnehmung einer Aufgabe erforderlich ist, die im kirchlichen Interesse liegt oder in Aus\u00fcbung kirchlicher Aufsicht erfolgt, die der kirchlichen Stelle \u00fcbertragen wurde.<\/li>\n<li><strong>Recht auf Wiederspruch \u00a725 DSG-EKD<\/strong><br \/>\nWenn kein zwingendes kirchliches Interesse an der Verarbeitung besteht, das Interesse einer dritten Person nicht \u00fcberwiegt und keine Rechtsvorschrift zur Verarbeitung verpflichtet, haben Sie das Recht Wiederspruch gegen die Verarbeitung Ihrer personenbezogenen Daten einzulegen.<\/li>\n<li><strong>Recht auf Beschwerde \u00a746 DSG-EKD<\/strong><br \/>\nSie haben das Recht sich bei einer Aufsichtsbeh\u00f6rde \u00fcber die Verarbeitung Ihrer personenbezogenen Daten zu beschweren.<\/li>\n<\/ul>\n","protected":false},"excerpt":{"rendered":"<p>Allgemeines zum Datenschutz Seit dem 25.05.2018 gilt die neue Datenschutzgrundverordnung (im Nachfolgenden DSGVO genannt) der Europ\u00e4ischen Union. F\u00fcr den VCP gilt das Datenschutzgesetz der Evangelischen Kirche Deutschland (im Nachfolgenden DSG-EKD genannt), welches in neuer Version am 24.05.2018 in Kraft getreten ist. Demnach stehen f\u00fcr den VCP einige Ver\u00e4nderungen an, es ist aber nicht alles neu, [&hellip;]<\/p>\n","protected":false},"author":3,"featured_media":0,"parent":0,"menu_order":0,"comment_status":"closed","ping_status":"closed","template":"","meta":{"_acf_changed":false,"inline_featured_image":false,"footnotes":""},"class_list":["post-10058","page","type-page","status-publish","hentry"],"acf":[],"_links":{"self":[{"href":"https:\/\/vcp.de\/pfadfinden\/wp-json\/wp\/v2\/pages\/10058","targetHints":{"allow":["GET"]}}],"collection":[{"href":"https:\/\/vcp.de\/pfadfinden\/wp-json\/wp\/v2\/pages"}],"about":[{"href":"https:\/\/vcp.de\/pfadfinden\/wp-json\/wp\/v2\/types\/page"}],"author":[{"embeddable":true,"href":"https:\/\/vcp.de\/pfadfinden\/wp-json\/wp\/v2\/users\/3"}],"replies":[{"embeddable":true,"href":"https:\/\/vcp.de\/pfadfinden\/wp-json\/wp\/v2\/comments?post=10058"}],"version-history":[{"count":5,"href":"https:\/\/vcp.de\/pfadfinden\/wp-json\/wp\/v2\/pages\/10058\/revisions"}],"predecessor-version":[{"id":37367,"href":"https:\/\/vcp.de\/pfadfinden\/wp-json\/wp\/v2\/pages\/10058\/revisions\/37367"}],"wp:attachment":[{"href":"https:\/\/vcp.de\/pfadfinden\/wp-json\/wp\/v2\/media?parent=10058"}],"curies":[{"name":"wp","href":"https:\/\/api.w.org\/{rel}","templated":true}]}}